Last updated on 2024-05-07 01:53:31 CEST.
Flavor | Version | Tinstall | Tcheck | Ttotal | Status | Flags |
---|---|---|---|---|---|---|
r-devel-linux-x86_64-debian-clang | 1.8.3 | 202.96 | 71.81 | 274.77 | OK | |
r-devel-linux-x86_64-debian-gcc | 1.8.3 | 130.83 | 52.84 | 183.67 | OK | |
r-devel-linux-x86_64-fedora-clang | 1.8.4 | 475.52 | OK | |||
r-devel-linux-x86_64-fedora-gcc | 1.8.4 | 394.43 | OK | |||
r-devel-windows-x86_64 | 1.8.3 | 809.00 | 6.00 | 815.00 | ERROR | |
r-patched-linux-x86_64 | 1.8.3 | 187.10 | 70.01 | 257.11 | OK | |
r-release-linux-x86_64 | 1.8.3 | 183.81 | 68.93 | 252.74 | OK | |
r-release-macos-arm64 | 1.8.4 | 97.00 | NOTE | |||
r-release-macos-x86_64 | 1.8.4 | 182.00 | NOTE | |||
r-release-windows-x86_64 | 1.8.3 | 814.00 | 161.00 | 975.00 | NOTE | |
r-oldrel-macos-arm64 | 1.8.4 | 111.00 | NOTE | |||
r-oldrel-macos-x86_64 | 1.8.4 | 183.00 | NOTE | |||
r-oldrel-windows-x86_64 | 1.8.3 | 695.00 | 169.00 | 864.00 | NOTE |
Version: 1.8.3
Check: whether package can be installed
Result: ERROR
Installation failed.
Flavor: r-devel-windows-x86_64
Version: 1.8.4
Check: installed package size
Result: NOTE
installed size is 34.7Mb
sub-directories of 1Mb or more:
libs 33.9Mb
Flavors: r-release-macos-arm64, r-release-macos-x86_64, r-oldrel-macos-arm64, r-oldrel-macos-x86_64
Version: 1.8.3
Check: installed package size
Result: NOTE
installed size is 35.4Mb
sub-directories of 1Mb or more:
libs 34.5Mb
Flavors: r-release-windows-x86_64, r-oldrel-windows-x86_64