Last updated on 2024-05-08 00:50:01 CEST.
Flavor | Version | Tinstall | Tcheck | Ttotal | Status | Flags |
---|---|---|---|---|---|---|
r-devel-linux-x86_64-debian-clang | 1.3.2 | 26.27 | 173.40 | 199.67 | NOTE | |
r-devel-linux-x86_64-debian-gcc | 1.3.2 | 16.26 | 120.78 | 137.04 | NOTE | |
r-devel-linux-x86_64-fedora-clang | 1.3.2 | 240.25 | NOTE | |||
r-devel-linux-x86_64-fedora-gcc | 1.3.2 | 287.45 | NOTE | |||
r-devel-windows-x86_64 | 1.3.2 | 22.00 | 132.00 | 154.00 | NOTE | |
r-patched-linux-x86_64 | 1.3.2 | 26.82 | 160.39 | 187.21 | NOTE | |
r-release-linux-x86_64 | 1.3.2 | 14.81 | 161.35 | 176.16 | NOTE | |
r-release-macos-arm64 | 1.3.2 | 56.00 | NOTE | |||
r-release-windows-x86_64 | 1.3.2 | 22.00 | 127.00 | 149.00 | NOTE | |
r-oldrel-macos-arm64 | 1.3.2 | 69.00 | OK | |||
r-oldrel-macos-x86_64 | 1.3.2 | 111.00 | OK | |||
r-oldrel-windows-x86_64 | 1.3.2 | 28.00 | 162.00 | 190.00 | OK |
Version: 1.3.2
Check: Rd files
Result: NOTE
checkRd: (-1) tprob.Rd:138: Lost braces in \itemize; meant \describe ?
checkRd: (-1) tprob.Rd:139: Lost braces in \itemize; meant \describe ?
checkRd: (-1) tprob.Rd:140: Lost braces in \itemize; meant \describe ?
checkRd: (-1) tprob.Rd:141: Lost braces in \itemize; meant \describe ?
checkRd: (-1) tprob.Rd:142: Lost braces in \itemize; meant \describe ?
checkRd: (-1) tprob.Rd:143: Lost braces in \itemize; meant \describe ?
checkRd: (-1) tprob.Rd:144: Lost braces in \itemize; meant \describe ?
checkRd: (-1) tprob.Rd:145: Lost braces in \itemize; meant \describe ?
checkRd: (-1) tprob.Rd:146: Lost braces in \itemize; meant \describe ?
Flavors: r-devel-linux-x86_64-debian-clang, r-devel-linux-x86_64-debian-gcc, r-devel-linux-x86_64-fedora-clang, r-devel-linux-x86_64-fedora-gcc, r-devel-windows-x86_64, r-patched-linux-x86_64, r-release-linux-x86_64, r-release-macos-arm64, r-release-windows-x86_64