Last updated on 2024-05-08 00:50:01 CEST.
Flavor | Version | Tinstall | Tcheck | Ttotal | Status | Flags |
---|---|---|---|---|---|---|
r-devel-linux-x86_64-debian-clang | 2.1.3 | 11.94 | 35.23 | 47.17 | NOTE | |
r-devel-linux-x86_64-debian-gcc | 2.1.3 | 11.08 | 27.45 | 38.53 | NOTE | |
r-devel-linux-x86_64-fedora-clang | 2.1.3 | 67.15 | NOTE | |||
r-devel-linux-x86_64-fedora-gcc | 2.1.3 | 86.57 | NOTE | |||
r-devel-windows-x86_64 | 2.1.3 | 14.00 | 72.00 | 86.00 | NOTE | |
r-patched-linux-x86_64 | 2.1.3 | 13.45 | 33.64 | 47.09 | NOTE | |
r-release-linux-x86_64 | 2.1.3 | 13.22 | 34.54 | 47.76 | NOTE | |
r-release-macos-arm64 | 2.1.3 | 31.00 | NOTE | |||
r-release-windows-x86_64 | 2.1.3 | 15.00 | 71.00 | 86.00 | OK | |
r-oldrel-macos-arm64 | 2.1.3 | 36.00 | NOTE | |||
r-oldrel-macos-x86_64 | 2.1.3 | 77.00 | NOTE | |||
r-oldrel-windows-x86_64 | 2.1.3 | 17.00 | 82.00 | 99.00 | OK |
Version: 2.1.3
Check: C++ specification
Result: NOTE
Specified C++11: please drop specification unless essential
Flavors: r-devel-linux-x86_64-debian-clang, r-devel-linux-x86_64-debian-gcc, r-devel-linux-x86_64-fedora-clang, r-devel-linux-x86_64-fedora-gcc, r-patched-linux-x86_64, r-release-linux-x86_64, r-release-macos-arm64, r-oldrel-macos-arm64, r-oldrel-macos-x86_64
Version: 2.1.3
Check: compiled code
Result: NOTE
File ‘svglite/libs/svglite.so’:
Found non-API calls to R: ‘SETLENGTH’, ‘SET_TRUELENGTH’
Compiled code should not call non-API entry points in R.
See ‘Writing portable packages’ in the ‘Writing R Extensions’ manual.
Flavors: r-devel-linux-x86_64-debian-clang, r-devel-linux-x86_64-debian-gcc, r-devel-linux-x86_64-fedora-clang, r-devel-linux-x86_64-fedora-gcc
Version: 2.1.3
Check: compiled code
Result: NOTE
File 'svglite/libs/x64/svglite.dll':
Found non-API calls to R: 'SETLENGTH', 'SET_TRUELENGTH'
Compiled code should not call non-API entry points in R.
See 'Writing portable packages' in the 'Writing R Extensions' manual.
Flavor: r-devel-windows-x86_64