Last updated on 2024-05-08 00:50:01 CEST.
Flavor | Version | Tinstall | Tcheck | Ttotal | Status | Flags |
---|---|---|---|---|---|---|
r-devel-linux-x86_64-debian-clang | 0.6 | 24.06 | 39.30 | 63.36 | OK | |
r-devel-linux-x86_64-debian-gcc | 0.6 | 17.19 | 29.59 | 46.78 | OK | |
r-devel-linux-x86_64-fedora-clang | 0.6 | 87.84 | NOTE | |||
r-devel-linux-x86_64-fedora-gcc | 0.6 | 161.45 | NOTE | |||
r-devel-windows-x86_64 | 0.6 | 20.00 | 65.00 | 85.00 | OK | |
r-patched-linux-x86_64 | 0.6 | 24.68 | 37.13 | 61.81 | OK | |
r-release-linux-x86_64 | 0.6 | 26.10 | 37.97 | 64.07 | OK | |
r-release-macos-arm64 | 0.6 | 36.00 | OK | |||
r-release-windows-x86_64 | 0.6 | 22.00 | 70.00 | 92.00 | OK | |
r-oldrel-macos-arm64 | 0.6 | 41.00 | OK | |||
r-oldrel-macos-x86_64 | 0.6 | 58.00 | OK | |||
r-oldrel-windows-x86_64 | 0.6 | 29.00 | 75.00 | 104.00 | OK |
Version: 0.6
Check: compiled code
Result: NOTE
File ‘tagcloud/libs/tagcloud.so’:
Found no calls to: ‘R_registerRoutines’, ‘R_useDynamicSymbols’
It is good practice to register native routines and to disable symbol
search.
See ‘Writing portable packages’ in the ‘Writing R Extensions’ manual.
Flavors: r-devel-linux-x86_64-fedora-clang, r-devel-linux-x86_64-fedora-gcc