Last updated on 2024-05-08 00:50:01 CEST.
Flavor | Version | Tinstall | Tcheck | Ttotal | Status | Flags |
---|---|---|---|---|---|---|
r-devel-linux-x86_64-debian-clang | 0.2.0 | 6.36 | 81.33 | 87.69 | OK | |
r-devel-linux-x86_64-debian-gcc | 0.2.0 | 5.98 | 59.50 | 65.48 | OK | |
r-devel-linux-x86_64-fedora-clang | 0.2.0 | 133.94 | NOTE | |||
r-devel-linux-x86_64-fedora-gcc | 0.2.0 | 184.51 | NOTE | |||
r-devel-windows-x86_64 | 0.2.0 | 9.00 | 100.00 | 109.00 | OK | |
r-patched-linux-x86_64 | 0.2.0 | 7.33 | 74.95 | 82.28 | OK | |
r-release-linux-x86_64 | 0.2.0 | 5.79 | 77.18 | 82.97 | OK | |
r-release-macos-arm64 | 0.2.0 | 66.00 | OK | |||
r-release-windows-x86_64 | 0.2.0 | 8.00 | 98.00 | 106.00 | OK | |
r-oldrel-macos-arm64 | 0.2.0 | 52.00 | OK | |||
r-oldrel-macos-x86_64 | 0.2.0 | 89.00 | OK | |||
r-oldrel-windows-x86_64 | 0.2.0 | 9.00 | 102.00 | 111.00 | OK |
Version: 0.2.0
Check: for detritus in the temp directory
Result: NOTE
Found the following files/directories:
‘par-7269706c6579’
Flavors: r-devel-linux-x86_64-fedora-clang, r-devel-linux-x86_64-fedora-gcc