Last updated on 2024-05-07 12:56:29 CEST.
Flavor | Version | Tinstall | Tcheck | Ttotal | Status | Flags |
---|---|---|---|---|---|---|
r-devel-linux-x86_64-debian-clang | 0.2.0 | 64.52 | 78.61 | 143.13 | OK | |
r-devel-linux-x86_64-debian-gcc | 0.2.0 | 47.52 | 58.46 | 105.98 | OK | |
r-devel-linux-x86_64-fedora-clang | 0.2.0 | 207.64 | NOTE | |||
r-devel-linux-x86_64-fedora-gcc | 0.2.0 | 239.40 | NOTE | |||
r-devel-windows-x86_64 | 0.2.0 | 50.00 | 98.00 | 148.00 | OK | |
r-patched-linux-x86_64 | 0.2.0 | 48.45 | 77.50 | 125.95 | OK | |
r-release-linux-x86_64 | 0.2.0 | 46.04 | 75.07 | 121.11 | OK | |
r-release-macos-arm64 | 0.2.0 | 45.00 | OK | |||
r-release-windows-x86_64 | 0.2.0 | 49.00 | 95.00 | 144.00 | OK | |
r-oldrel-macos-arm64 | 0.2.0 | 52.00 | OK | |||
r-oldrel-macos-x86_64 | 0.2.0 | 80.00 | OK | |||
r-oldrel-windows-x86_64 | 0.2.0 | 61.00 | 110.00 | 171.00 | OK |
Version: 0.2.0
Check: compiled code
Result: NOTE
File ‘testforDEP/libs/testforDEP.so’:
Found no calls to: ‘R_registerRoutines’, ‘R_useDynamicSymbols’
It is good practice to register native routines and to disable symbol
search.
See ‘Writing portable packages’ in the ‘Writing R Extensions’ manual.
Flavors: r-devel-linux-x86_64-fedora-clang, r-devel-linux-x86_64-fedora-gcc