Last updated on 2024-05-08 00:50:01 CEST.
Flavor | Version | Tinstall | Tcheck | Ttotal | Status | Flags |
---|---|---|---|---|---|---|
r-devel-linux-x86_64-debian-clang | 2.0.0 | 6.72 | 59.34 | 66.06 | OK | |
r-devel-linux-x86_64-debian-gcc | 2.0.0 | 5.59 | 45.15 | 50.74 | OK | |
r-devel-linux-x86_64-fedora-clang | 2.0.0 | 90.00 | NOTE | |||
r-devel-linux-x86_64-fedora-gcc | 2.0.0 | 96.22 | OK | |||
r-devel-windows-x86_64 | 2.0.0 | 9.00 | 68.00 | 77.00 | OK | |
r-patched-linux-x86_64 | 2.0.0 | 5.53 | 55.48 | 61.01 | OK | |
r-release-linux-x86_64 | 2.0.0 | 4.22 | 56.98 | 61.20 | OK | |
r-release-macos-arm64 | 2.0.0 | 36.00 | OK | |||
r-release-windows-x86_64 | 2.0.0 | 7.00 | 66.00 | 73.00 | OK | |
r-oldrel-macos-arm64 | 2.0.0 | 37.00 | OK | |||
r-oldrel-macos-x86_64 | 2.0.0 | 59.00 | OK | |||
r-oldrel-windows-x86_64 | 2.0.0 | 10.00 | 72.00 | 82.00 | OK |
Version: 2.0.0
Check: package dependencies
Result: NOTE
Imports includes 30 non-default packages.
Importing from so many packages makes the package vulnerable to any of
them becoming unavailable. Move as many as possible to Suggests and
use conditionally.
Flavor: r-devel-linux-x86_64-fedora-clang