Last updated on 2024-05-08 00:50:02 CEST.
Flavor | Version | Tinstall | Tcheck | Ttotal | Status | Flags |
---|---|---|---|---|---|---|
r-devel-linux-x86_64-debian-clang | 0.5.2 | 6.32 | 130.53 | 136.85 | OK | |
r-devel-linux-x86_64-debian-gcc | 0.5.2 | 3.81 | 101.74 | 105.55 | OK | |
r-devel-linux-x86_64-fedora-clang | 0.5.2 | 178.00 | OK | |||
r-devel-linux-x86_64-fedora-gcc | 0.5.2 | 202.35 | OK | |||
r-devel-windows-x86_64 | 0.5.2 | 6.00 | 118.00 | 124.00 | OK | |
r-patched-linux-x86_64 | 0.5.2 | 0.73 | 2.31 | 3.04 | ERROR | |
r-release-linux-x86_64 | 0.5.2 | 0.55 | 2.24 | 2.79 | ERROR | |
r-release-macos-arm64 | 0.5.2 | 45.00 | OK | |||
r-release-windows-x86_64 | 0.5.2 | 6.00 | 114.00 | 120.00 | OK | |
r-oldrel-macos-arm64 | 0.5.2 | 46.00 | OK | |||
r-oldrel-macos-x86_64 | 0.5.2 | 109.00 | OK | |||
r-oldrel-windows-x86_64 | 0.5.2 | 8.00 | 134.00 | 142.00 | OK |
Version: 0.5.2
Check: package dependencies
Result: ERROR
Package required but not available: ‘RBesT’
See section ‘The DESCRIPTION file’ in the ‘Writing R Extensions’
manual.
Flavors: r-patched-linux-x86_64, r-release-linux-x86_64