Last updated on 2024-05-07 12:56:30 CEST.
Flavor | Version | Tinstall | Tcheck | Ttotal | Status | Flags |
---|---|---|---|---|---|---|
r-devel-linux-x86_64-debian-clang | 0.1.3 | 140.02 | 30.22 | 170.24 | OK | |
r-devel-linux-x86_64-debian-gcc | 0.1.3 | 109.53 | 23.97 | 133.50 | OK | |
r-devel-linux-x86_64-fedora-clang | 0.1.3 | 239.92 | OK | |||
r-devel-linux-x86_64-fedora-gcc | 0.1.3 | 304.53 | OK | |||
r-devel-windows-x86_64 | 0.1.3 | 92.00 | 71.00 | 163.00 | OK | |
r-patched-linux-x86_64 | 0.1.3 | 130.12 | 30.21 | 160.33 | OK | |
r-release-linux-x86_64 | 0.1.3 | 140.25 | 29.63 | 169.88 | OK | |
r-release-macos-arm64 | 0.1.3 | 53.00 | NOTE | |||
r-release-windows-x86_64 | 0.1.3 | 93.00 | 71.00 | 164.00 | OK | |
r-oldrel-macos-arm64 | 0.1.3 | 58.00 | NOTE | |||
r-oldrel-macos-x86_64 | 0.1.3 | 94.00 | NOTE | |||
r-oldrel-windows-x86_64 | 0.1.3 | 87.00 | 77.00 | 164.00 | OK |
Version: 0.1.3
Check: installed package size
Result: NOTE
installed size is 6.1Mb
sub-directories of 1Mb or more:
libs 5.1Mb
Flavors: r-release-macos-arm64, r-oldrel-macos-arm64, r-oldrel-macos-x86_64