Last updated on 2024-05-08 00:50:02 CEST.
Flavor | Version | Tinstall | Tcheck | Ttotal | Status | Flags |
---|---|---|---|---|---|---|
r-devel-linux-x86_64-debian-clang | 1.3.0 | 12.28 | 127.55 | 139.83 | NOTE | |
r-devel-linux-x86_64-debian-gcc | 1.3.0 | 9.48 | 94.22 | 103.70 | NOTE | |
r-devel-linux-x86_64-fedora-clang | 1.3.0 | 181.61 | NOTE | |||
r-devel-linux-x86_64-fedora-gcc | 1.3.0 | 223.32 | NOTE | |||
r-devel-windows-x86_64 | 1.3.0 | 11.00 | 106.00 | 117.00 | NOTE | |
r-patched-linux-x86_64 | 1.3.0 | 10.14 | 122.42 | 132.56 | NOTE | |
r-release-linux-x86_64 | 1.3.0 | 6.85 | 122.92 | 129.77 | NOTE | |
r-release-macos-arm64 | 1.3.0 | 53.00 | NOTE | |||
r-release-windows-x86_64 | 1.3.0 | 11.00 | 100.00 | 111.00 | NOTE | |
r-oldrel-macos-arm64 | 1.3.0 | 52.00 | NOTE | |||
r-oldrel-macos-x86_64 | 1.3.0 | 88.00 | NOTE | |||
r-oldrel-windows-x86_64 | 1.3.0 | 14.00 | 126.00 | 140.00 | NOTE |
Version: 1.3.0
Check: LazyData
Result: NOTE
'LazyData' is specified without a 'data' directory
Flavors: r-devel-linux-x86_64-debian-clang, r-devel-linux-x86_64-debian-gcc, r-devel-linux-x86_64-fedora-clang, r-devel-linux-x86_64-fedora-gcc, r-devel-windows-x86_64, r-patched-linux-x86_64, r-release-linux-x86_64, r-release-macos-arm64, r-release-windows-x86_64, r-oldrel-macos-arm64, r-oldrel-macos-x86_64, r-oldrel-windows-x86_64