Last updated on 2024-05-04 00:54:52 CEST.
Flavor | Version | Tinstall | Tcheck | Ttotal | Status | Flags |
---|---|---|---|---|---|---|
r-devel-linux-x86_64-debian-clang | 1.1.1 | 8.77 | 115.17 | 123.94 | OK | |
r-devel-linux-x86_64-fedora-clang | 1.1.1 | 158.72 | OK | |||
r-devel-linux-x86_64-fedora-gcc | 1.1.1 | 161.41 | OK | |||
r-devel-windows-x86_64 | 1.1.1 | 10.00 | 108.00 | 118.00 | OK | |
r-patched-linux-x86_64 | 1.1.1 | 9.82 | 109.86 | 119.68 | OK | |
r-release-linux-x86_64 | 1.1.1 | 8.93 | 109.24 | 118.17 | OK | |
r-release-macos-arm64 | 1.1.1 | 53.00 | OK | |||
r-release-windows-x86_64 | 1.1.1 | 9.00 | 92.00 | 101.00 | ERROR | |
r-oldrel-macos-arm64 | 1.1.1 | 61.00 | OK | |||
r-oldrel-macos-x86_64 | 1.1.1 | 102.00 | OK | |||
r-oldrel-windows-x86_64 | 1.1.1 | 11.00 | 125.00 | 136.00 | OK |
Version: 1.1.1
Check: examples
Result: ERROR
Running examples in 'tsfeatures-Ex.R' failed
The error most likely occurred in:
> ### Name: yahoo_data
> ### Title: Yahoo server metrics
> ### Aliases: yahoo_data
>
> ### ** Examples
>
> yahoo <- yahoo_data()
trying URL 'https://github.com/robjhyndman/tsfeatures/raw/master/extra-data/yahoo.rda'
Warning in utils::download.file("https://github.com/robjhyndman/tsfeatures/raw/master/extra-data/yahoo.rda", :
URL 'https://raw.githubusercontent.com/robjhyndman/tsfeatures/master/extra-data/yahoo.rda': status was 'SSL connect error'
Error in utils::download.file("https://github.com/robjhyndman/tsfeatures/raw/master/extra-data/yahoo.rda", :
cannot open URL 'https://github.com/robjhyndman/tsfeatures/raw/master/extra-data/yahoo.rda'
Calls: yahoo_data -> <Anonymous>
Execution halted
Flavor: r-release-windows-x86_64
Version: 1.1.1
Check: re-building of vignette outputs
Result: ERROR
Error(s) in re-building vignettes:
--- re-building 'tsfeatures.Rmd' using rmarkdown
trying URL 'https://github.com/robjhyndman/tsfeatures/raw/master/extra-data/yahoo.rda'
Quitting from lines at lines 327-331 [yahoo] (tsfeatures.Rmd)
Error: processing vignette 'tsfeatures.Rmd' failed with diagnostics:
cannot open URL 'https://github.com/robjhyndman/tsfeatures/raw/master/extra-data/yahoo.rda'
--- failed re-building 'tsfeatures.Rmd'
SUMMARY: processing the following file failed:
'tsfeatures.Rmd'
Error: Vignette re-building failed.
Execution halted
Flavor: r-release-windows-x86_64