Last updated on 2024-05-08 00:50:02 CEST.
Flavor | Version | Tinstall | Tcheck | Ttotal | Status | Flags |
---|---|---|---|---|---|---|
r-devel-linux-x86_64-debian-clang | 0.1.2 | 4.51 | 57.84 | 62.35 | OK | |
r-devel-linux-x86_64-debian-gcc | 0.1.2 | 5.26 | 43.62 | 48.88 | OK | |
r-devel-linux-x86_64-fedora-clang | 0.1.2 | 81.22 | NOTE | |||
r-devel-linux-x86_64-fedora-gcc | 0.1.2 | 108.65 | NOTE | |||
r-devel-windows-x86_64 | 0.1.2 | 8.00 | 68.00 | 76.00 | OK | |
r-patched-linux-x86_64 | 0.1.2 | 7.47 | 54.41 | 61.88 | OK | |
r-release-linux-x86_64 | 0.1.2 | 5.63 | 54.95 | 60.58 | OK | |
r-release-macos-arm64 | 0.1.2 | 28.00 | OK | |||
r-release-macos-x86_64 | 0.1.2 | 74.00 | OK | |||
r-release-windows-x86_64 | 0.1.2 | 8.00 | 72.00 | 80.00 | OK | |
r-oldrel-macos-arm64 | 0.1.2 | 35.00 | OK | |||
r-oldrel-macos-x86_64 | 0.1.2 | 63.00 | OK | |||
r-oldrel-windows-x86_64 | 0.1.2 | 10.00 | 73.00 | 83.00 | OK |
Version: 0.1.2
Check: data for non-ASCII characters
Result: NOTE
Note: found 1080 marked UTF-8 strings
Flavors: r-devel-linux-x86_64-fedora-clang, r-devel-linux-x86_64-fedora-gcc