Last updated on 2024-05-07 12:56:30 CEST.
Flavor | Version | Tinstall | Tcheck | Ttotal | Status | Flags |
---|---|---|---|---|---|---|
r-devel-linux-x86_64-debian-clang | 2.1.5 | 120.82 | 126.86 | 247.68 | NOTE | |
r-devel-linux-x86_64-debian-gcc | 2.1.5 | 101.63 | 107.99 | 209.62 | OK | |
r-devel-linux-x86_64-fedora-clang | 2.1.5 | 414.78 | OK | |||
r-devel-linux-x86_64-fedora-gcc | 2.1.5 | 461.98 | OK | |||
r-devel-windows-x86_64 | 2.1.5 | 111.00 | 163.00 | 274.00 | OK | |
r-patched-linux-x86_64 | 2.1.5 | 132.05 | 137.71 | 269.76 | OK | |
r-release-linux-x86_64 | 2.1.5 | 119.52 | 139.77 | 259.29 | OK | |
r-release-macos-arm64 | 2.1.5 | 92.00 | OK | |||
r-release-windows-x86_64 | 2.1.5 | 105.00 | 157.00 | 262.00 | OK | |
r-oldrel-macos-arm64 | 2.1.5 | 96.00 | OK | |||
r-oldrel-macos-x86_64 | 2.1.5 | 204.00 | OK | |||
r-oldrel-windows-x86_64 | 2.1.5 | 126.00 | 187.00 | 313.00 | OK |
Version: 2.1.5
Check: package dependencies
Result: NOTE
Packages suggested but not available for checking:
'VariantAnnotation', 'GenomicRanges'
Flavor: r-devel-linux-x86_64-debian-clang