Last updated on 2024-05-07 01:53:33 CEST.
Flavor | Version | Tinstall | Tcheck | Ttotal | Status | Flags |
---|---|---|---|---|---|---|
r-devel-linux-x86_64-debian-clang | 1.2.1 | 8.11 | 533.71 | 541.82 | OK | |
r-devel-linux-x86_64-debian-gcc | 1.2.1 | 7.21 | 366.75 | 373.96 | OK | |
r-devel-linux-x86_64-fedora-clang | 1.2.1 | 662.72 | OK | |||
r-devel-linux-x86_64-fedora-gcc | 1.2.1 | 656.13 | OK | |||
r-devel-windows-x86_64 | 1.2.1 | 9.00 | 366.00 | 375.00 | OK | |
r-patched-linux-x86_64 | 1.2.1 | 8.31 | 510.92 | 519.23 | OK | |
r-release-linux-x86_64 | 1.2.1 | 8.82 | 499.72 | 508.54 | OK | |
r-release-macos-arm64 | 1.2.1 | 154.00 | OK | |||
r-release-macos-x86_64 | 1.2.1 | 179.00 | OK | |||
r-release-windows-x86_64 | 1.2.1 | 8.00 | 381.00 | 389.00 | OK | |
r-oldrel-macos-arm64 | 1.2.1 | 11.00 | ERROR | |||
r-oldrel-macos-x86_64 | 1.2.1 | 179.00 | OK | |||
r-oldrel-windows-x86_64 | 1.2.1 | 12.00 | 463.00 | 475.00 | OK |
Version: 1.2.1
Check: package dependencies
Result: ERROR
Package required and available but unsuitable version: ‘utils’
See section ‘The DESCRIPTION file’ in the ‘Writing R Extensions’
manual.
Flavor: r-oldrel-macos-arm64