Last updated on 2024-05-07 12:56:31 CEST.
Flavor | Version | Tinstall | Tcheck | Ttotal | Status | Flags |
---|---|---|---|---|---|---|
r-devel-linux-x86_64-debian-clang | 0.1.1 | 10.87 | 111.78 | 122.65 | OK | |
r-devel-linux-x86_64-debian-gcc | 0.1.1 | 8.42 | 83.51 | 91.93 | OK | |
r-devel-linux-x86_64-fedora-clang | 0.1.1 | 154.48 | NOTE | |||
r-devel-linux-x86_64-fedora-gcc | 0.1.1 | 217.72 | OK | |||
r-devel-windows-x86_64 | 0.1.1 | 12.00 | 96.00 | 108.00 | OK | |
r-patched-linux-x86_64 | 0.1.1 | 14.53 | 107.78 | 122.31 | OK | |
r-release-linux-x86_64 | 0.1.1 | 11.09 | 107.94 | 119.03 | OK | |
r-release-macos-arm64 | 0.1.1 | 49.00 | OK | |||
r-release-windows-x86_64 | 0.1.1 | 11.00 | 97.00 | 108.00 | OK | |
r-oldrel-macos-arm64 | 0.1.1 | 50.00 | OK | |||
r-oldrel-macos-x86_64 | 0.1.1 | 87.00 | OK | |||
r-oldrel-windows-x86_64 | 0.1.1 | 14.00 | 113.00 | 127.00 | OK |
Version: 0.1.1
Check: Rd cross-references
Result: NOTE
Undeclared package ‘progress’ in Rd xrefs
Flavor: r-devel-linux-x86_64-fedora-clang