Last updated on 2024-05-07 01:53:34 CEST.
Flavor | Version | Tinstall | Tcheck | Ttotal | Status | Flags |
---|---|---|---|---|---|---|
r-devel-linux-x86_64-debian-clang | 1.4.1 | 91.69 | 39.64 | 131.33 | NOTE | |
r-devel-linux-x86_64-debian-gcc | 1.4.1 | 74.18 | 30.63 | 104.81 | NOTE | |
r-devel-linux-x86_64-fedora-clang | 1.4.1 | 165.75 | NOTE | |||
r-devel-linux-x86_64-fedora-gcc | 1.4.1 | 254.19 | NOTE | |||
r-devel-windows-x86_64 | 1.4.1 | 146.00 | 132.00 | 278.00 | NOTE | |
r-patched-linux-x86_64 | 1.4.1 | 82.50 | 38.55 | 121.05 | NOTE | |
r-release-linux-x86_64 | 1.4.1 | 91.09 | 38.81 | 129.90 | NOTE | |
r-release-macos-arm64 | 1.4.1 | 63.00 | NOTE | |||
r-release-windows-x86_64 | 1.4.1 | 139.00 | 133.00 | 272.00 | NOTE | |
r-oldrel-macos-arm64 | 1.4.1 | 72.00 | NOTE | |||
r-oldrel-macos-x86_64 | 1.4.1 | 108.00 | NOTE | |||
r-oldrel-windows-x86_64 | 1.4.1 | 169.00 | 152.00 | 321.00 | NOTE |
Version: 1.4.1
Check: C++ specification
Result: NOTE
Specified C++11: please drop specification unless essential
Flavors: r-devel-linux-x86_64-debian-clang, r-devel-linux-x86_64-debian-gcc, r-devel-linux-x86_64-fedora-clang, r-devel-linux-x86_64-fedora-gcc, r-devel-windows-x86_64, r-patched-linux-x86_64, r-release-linux-x86_64, r-release-macos-arm64, r-release-windows-x86_64, r-oldrel-macos-arm64, r-oldrel-macos-x86_64, r-oldrel-windows-x86_64
Version: 1.4.1
Check: for GNU extensions in Makefiles
Result: NOTE
GNU make is a SystemRequirements.
Flavors: r-devel-linux-x86_64-debian-clang, r-devel-linux-x86_64-debian-gcc, r-devel-linux-x86_64-fedora-clang, r-devel-linux-x86_64-fedora-gcc, r-devel-windows-x86_64, r-patched-linux-x86_64, r-release-linux-x86_64, r-release-macos-arm64, r-release-windows-x86_64, r-oldrel-macos-arm64, r-oldrel-macos-x86_64, r-oldrel-windows-x86_64
Version: 1.4.1
Check: compiled code
Result: NOTE
File ‘websocket/libs/websocket.so’:
Found non-API calls to R: ‘SETLENGTH’, ‘SET_TRUELENGTH’
Compiled code should not call non-API entry points in R.
See ‘Writing portable packages’ in the ‘Writing R Extensions’ manual.
Flavors: r-devel-linux-x86_64-debian-clang, r-devel-linux-x86_64-debian-gcc, r-devel-linux-x86_64-fedora-clang, r-devel-linux-x86_64-fedora-gcc
Version: 1.4.1
Check: installed package size
Result: NOTE
installed size is 7.1Mb
sub-directories of 1Mb or more:
libs 7.0Mb
Flavors: r-devel-windows-x86_64, r-release-macos-arm64, r-release-windows-x86_64, r-oldrel-macos-arm64, r-oldrel-macos-x86_64, r-oldrel-windows-x86_64
Version: 1.4.1
Check: compiled code
Result: NOTE
File 'websocket/libs/x64/websocket.dll':
Found non-API calls to R: 'SETLENGTH', 'SET_TRUELENGTH'
Compiled code should not call non-API entry points in R.
See 'Writing portable packages' in the 'Writing R Extensions' manual.
Flavor: r-devel-windows-x86_64