Last updated on 2024-04-30 12:52:11 CEST.
Flavor | Version | Tinstall | Tcheck | Ttotal | Status | Flags |
---|---|---|---|---|---|---|
r-devel-linux-x86_64-debian-clang | 0.9.1 | 22.27 | 95.70 | 117.97 | OK | |
r-devel-linux-x86_64-debian-gcc | 0.9.1 | 15.81 | 67.82 | 83.63 | OK | |
r-devel-linux-x86_64-fedora-clang | 0.9.1 | 148.27 | NOTE | |||
r-devel-linux-x86_64-fedora-gcc | 0.9.1 | 143.53 | NOTE | |||
r-devel-windows-x86_64 | 0.9.1 | 34.00 | 112.00 | 146.00 | OK | |
r-patched-linux-x86_64 | 0.9.1 | 25.07 | 88.14 | 113.21 | OK | |
r-release-linux-x86_64 | 0.9.1 | 22.37 | 90.29 | 112.66 | OK | |
r-release-macos-arm64 | 0.9.1 | 39.00 | OK | |||
r-release-windows-x86_64 | 0.9.1 | 34.00 | 109.00 | 143.00 | OK | |
r-oldrel-macos-arm64 | 0.9.1 | 60.00 | OK | |||
r-oldrel-macos-x86_64 | 0.9.1 | 132.00 | OK | |||
r-oldrel-windows-x86_64 | 0.9.1 | 36.00 | 130.00 | 166.00 | OK |
Version: 0.9.1
Check: data for non-ASCII characters
Result: NOTE
Note: found 3881 marked UTF-8 strings
Flavors: r-devel-linux-x86_64-fedora-clang, r-devel-linux-x86_64-fedora-gcc