Last updated on 2024-08-16 00:48:14 CEST.
Flavor | Version | Tinstall | Tcheck | Ttotal | Status | Flags |
---|---|---|---|---|---|---|
r-devel-linux-x86_64-debian-clang | 1.9.0 | 86.71 | 218.55 | 305.26 | OK | |
r-devel-linux-x86_64-debian-gcc | 1.9.0 | 56.66 | 115.30 | 171.96 | OK | |
r-devel-linux-x86_64-fedora-clang | 1.9.0 | 527.65 | OK | |||
r-devel-linux-x86_64-fedora-gcc | 1.9.0 | 541.14 | OK | |||
r-devel-windows-x86_64 | 1.9.0 | 75.00 | 278.00 | 353.00 | OK | |
r-patched-linux-x86_64 | 1.9.0 | 79.45 | 192.81 | 272.26 | OK | |
r-release-linux-x86_64 | 1.9.0 | 80.27 | 190.49 | 270.76 | OK | |
r-release-macos-arm64 | 1.9.0 | 111.00 | NOTE | |||
r-release-macos-x86_64 | 1.9.0 | 193.00 | NOTE | |||
r-release-windows-x86_64 | 1.9.0 | 80.00 | 283.00 | 363.00 | OK | |
r-oldrel-macos-arm64 | 1.9.0 | 116.00 | NOTE | |||
r-oldrel-macos-x86_64 | 1.9.0 | 358.00 | NOTE | |||
r-oldrel-windows-x86_64 | 1.9.0 | 91.00 | 412.00 | 503.00 | OK |
Version: 1.9.0
Check: installed package size
Result: NOTE
installed size is 7.5Mb
sub-directories of 1Mb or more:
doc 1.7Mb
libs 5.5Mb
Flavors: r-release-macos-arm64, r-release-macos-x86_64, r-oldrel-macos-arm64, r-oldrel-macos-x86_64