CRAN Package Check Results for Package ADGofTest

Last updated on 2024-05-22 00:53:55 CEST.

Flavor Version Tinstall Tcheck Ttotal Status Flags
r-devel-linux-x86_64-debian-clang 0.3 1.75 11.57 13.32 NOTE
r-devel-linux-x86_64-debian-gcc 0.3 1.49 9.32 10.81 NOTE
r-devel-linux-x86_64-fedora-clang 0.3 28.54 NOTE
r-devel-linux-x86_64-fedora-gcc 0.3 25.65 NOTE
r-devel-windows-x86_64 0.3 3.00 36.00 39.00 NOTE
r-patched-linux-x86_64 0.3 2.11 11.57 13.68 NOTE
r-release-linux-x86_64 0.3 1.85 10.89 12.74 NOTE
r-release-macos-arm64 0.3 13.00 NOTE
r-release-windows-x86_64 0.3 3.00 43.00 46.00 NOTE
r-oldrel-macos-arm64 0.3 16.00 NOTE
r-oldrel-macos-x86_64 0.3 18.00 NOTE
r-oldrel-windows-x86_64 0.3 3.00 32.00 35.00 NOTE

Check Details

Version: 0.3
Check: DESCRIPTION meta-information
Result: NOTE Malformed Description field: should contain one or more complete sentences. Flavors: r-devel-linux-x86_64-debian-clang, r-devel-linux-x86_64-debian-gcc, r-devel-linux-x86_64-fedora-clang, r-devel-linux-x86_64-fedora-gcc, r-devel-windows-x86_64, r-patched-linux-x86_64, r-release-linux-x86_64, r-release-macos-arm64, r-release-windows-x86_64, r-oldrel-macos-arm64, r-oldrel-macos-x86_64, r-oldrel-windows-x86_64