Last updated on 2024-08-16 00:48:14 CEST.
Flavor | Version | Tinstall | Tcheck | Ttotal | Status | Flags |
---|---|---|---|---|---|---|
r-devel-linux-x86_64-debian-clang | 2.1 | 47.08 | 51.95 | 99.03 | NOTE | |
r-devel-linux-x86_64-debian-gcc | 2.1 | 37.02 | 37.88 | 74.90 | NOTE | |
r-devel-linux-x86_64-fedora-clang | 2.1 | 189.51 | NOTE | |||
r-devel-linux-x86_64-fedora-gcc | 2.1 | 219.07 | NOTE | |||
r-devel-windows-x86_64 | 2.1 | 57.00 | 100.00 | 157.00 | NOTE | |
r-patched-linux-x86_64 | 2.1 | 51.28 | 49.45 | 100.73 | NOTE | |
r-release-linux-x86_64 | 2.1 | 53.48 | 49.28 | 102.76 | NOTE | |
r-release-macos-arm64 | 2.1 | 61.00 | NOTE | |||
r-release-macos-x86_64 | 2.1 | 79.00 | NOTE | |||
r-release-windows-x86_64 | 2.1 | 58.00 | 96.00 | 154.00 | NOTE | |
r-oldrel-macos-arm64 | 2.1 | 69.00 | NOTE | |||
r-oldrel-macos-x86_64 | 2.1 | 114.00 | NOTE | |||
r-oldrel-windows-x86_64 | 2.1 | 71.00 | 113.00 | 184.00 | NOTE |
Version: 2.1
Check: LazyData
Result: NOTE
'LazyData' is specified without a 'data' directory
Flavors: r-devel-linux-x86_64-debian-clang, r-devel-linux-x86_64-debian-gcc, r-devel-linux-x86_64-fedora-clang, r-devel-linux-x86_64-fedora-gcc, r-devel-windows-x86_64, r-patched-linux-x86_64, r-release-linux-x86_64, r-release-macos-arm64, r-release-macos-x86_64, r-release-windows-x86_64, r-oldrel-macos-arm64, r-oldrel-macos-x86_64, r-oldrel-windows-x86_64