CRAN Package Check Results for Package AsioHeaders

Last updated on 2024-02-24 12:49:10 CET.

Flavor Version Tinstall Tcheck Ttotal Status Flags
r-devel-linux-x86_64-debian-clang 1.22.1-2 3.06 16.66 19.72 OK
r-devel-linux-x86_64-debian-gcc 1.22.1-2 1.92 13.43 15.35 OK
r-devel-linux-x86_64-fedora-clang 1.22.1-2 23.91 NOTE
r-devel-linux-x86_64-fedora-gcc 1.22.1-2 23.23 OK
r-devel-windows-x86_64 1.22.1-2 7.00 38.00 45.00 NOTE
r-patched-linux-x86_64 1.22.1-2 2.24 16.67 18.91 OK
r-release-linux-x86_64 1.22.1-2 2.62 16.33 18.95 OK
r-release-macos-arm64 1.22.1-2 17.00 NOTE
r-release-macos-x86_64 1.22.1-2 20.00 NOTE
r-release-windows-x86_64 1.22.1-2 7.00 35.00 42.00 NOTE
r-oldrel-macos-arm64 1.22.1-2 15.00 NOTE
r-oldrel-windows-x86_64 1.22.1-2 122.00 60.00 182.00 NOTE

Check Details

Version: 1.22.1-2
Check: installed package size
Result: NOTE installed size is 6.6Mb sub-directories of 1Mb or more: include 6.5Mb Flavors: r-devel-linux-x86_64-fedora-clang, r-devel-windows-x86_64, r-release-macos-arm64, r-release-macos-x86_64, r-release-windows-x86_64, r-oldrel-macos-arm64, r-oldrel-windows-x86_64