Last updated on 2024-05-06 00:52:33 CEST.
Flavor | Version | Tinstall | Tcheck | Ttotal | Status | Flags |
---|---|---|---|---|---|---|
r-devel-linux-x86_64-debian-clang | 0.1.6 | 0.49 | 2.24 | 2.73 | ERROR | |
r-devel-linux-x86_64-debian-gcc | 0.1.6 | 16.07 | 145.36 | 161.43 | OK | |
r-devel-linux-x86_64-fedora-clang | 0.1.6 | 288.44 | OK | |||
r-devel-linux-x86_64-fedora-gcc | 0.1.6 | 255.37 | OK | |||
r-devel-windows-x86_64 | 0.1.6 | 22.00 | 144.00 | 166.00 | OK | |
r-patched-linux-x86_64 | 0.1.6 | 21.16 | 195.45 | 216.61 | OK | |
r-release-linux-x86_64 | 0.1.6 | 17.56 | 184.53 | 202.09 | OK | |
r-release-macos-arm64 | 0.1.6 | 73.00 | OK | |||
r-release-macos-x86_64 | 0.1.6 | 135.00 | OK | |||
r-release-windows-x86_64 | 0.1.6 | 20.00 | 143.00 | 163.00 | OK | |
r-oldrel-macos-arm64 | 0.1.6 | 6.00 | ERROR | |||
r-oldrel-macos-x86_64 | 0.1.6 | 134.00 | OK | |||
r-oldrel-windows-x86_64 | 0.1.6 | 28.00 | 178.00 | 206.00 | OK |
Version: 0.1.6
Check: package dependencies
Result: ERROR
Packages required but not available:
'annotate', 'org.Hs.eg.db', 'clusterProfiler'
See section ‘The DESCRIPTION file’ in the ‘Writing R Extensions’
manual.
Flavor: r-devel-linux-x86_64-debian-clang
Version: 0.1.6
Check: package dependencies
Result: ERROR
Packages required but not available: 'siggenes', 'clusterProfiler'
See section ‘The DESCRIPTION file’ in the ‘Writing R Extensions’
manual.
Flavor: r-oldrel-macos-arm64