Last updated on 2023-12-11 01:52:30 CET.
Flavor | Version | Tinstall | Tcheck | Ttotal | Status | Flags |
---|---|---|---|---|---|---|
r-devel-linux-x86_64-debian-clang | 0.0.3 | 193.60 | 59.92 | 253.52 | NOTE | |
r-devel-linux-x86_64-debian-gcc | 0.0.3 | 126.48 | 46.46 | 172.94 | NOTE | |
r-devel-linux-x86_64-fedora-clang | 0.0.3 | 381.59 | OK | |||
r-devel-linux-x86_64-fedora-gcc | 0.0.3 | 387.85 | OK | |||
r-devel-windows-x86_64 | 0.0.3 | 137.00 | 94.00 | 231.00 | OK | |
r-patched-linux-x86_64 | 0.0.3 | 158.34 | 58.81 | 217.15 | OK | |
r-release-linux-x86_64 | 0.0.3 | 142.16 | 59.35 | 201.51 | OK | |
r-release-macos-arm64 | 0.0.3 | 116.00 | NOTE | |||
r-release-macos-x86_64 | 0.0.3 | 105.00 | NOTE | |||
r-release-windows-x86_64 | 0.0.3 | 164.00 | 106.00 | 270.00 | OK | |
r-oldrel-macos-arm64 | 0.0.3 | 77.00 | NOTE | |||
r-oldrel-macos-x86_64 | 0.0.3 | 102.00 | NOTE | |||
r-oldrel-windows-x86_64 | 0.0.3 | 159.00 | 98.00 | 257.00 | OK |
Version: 0.0.3
Check: Rd files
Result: NOTE
checkRd: (-1) GroupSingleVoxelFETS.Rd:53: Lost braces
53 | online trajectories related to the state parameter, the simulated BOLD responses, \mjseqn{\hat{Y}}{ascii}.
| ^
Flavors: r-devel-linux-x86_64-debian-clang, r-devel-linux-x86_64-debian-gcc
Version: 0.0.3
Check: installed package size
Result: NOTE
installed size is 7.8Mb
sub-directories of 1Mb or more:
data 1.2Mb
libs 6.2Mb
Flavors: r-release-macos-arm64, r-release-macos-x86_64, r-oldrel-macos-arm64, r-oldrel-macos-x86_64