Last updated on 2024-08-16 00:48:15 CEST.
Flavor | Version | Tinstall | Tcheck | Ttotal | Status | Flags |
---|---|---|---|---|---|---|
r-devel-linux-x86_64-debian-clang | 0.2.10 | 37.08 | 98.04 | 135.12 | NOTE | |
r-devel-linux-x86_64-debian-gcc | 0.2.10 | 32.19 | 67.53 | 99.72 | NOTE | |
r-devel-linux-x86_64-fedora-clang | 0.2.10 | 218.84 | OK | |||
r-devel-linux-x86_64-fedora-gcc | 0.2.10 | 246.75 | OK | |||
r-devel-windows-x86_64 | 0.2.10 | 40.00 | 127.00 | 167.00 | NOTE | |
r-patched-linux-x86_64 | 0.2.10 | 41.06 | 89.21 | 130.27 | OK | |
r-release-linux-x86_64 | 0.2.10 | 42.49 | 89.25 | 131.74 | OK | |
r-release-macos-arm64 | 0.2.10 | 68.00 | NOTE | |||
r-release-macos-x86_64 | 0.2.10 | 213.00 | NOTE | |||
r-release-windows-x86_64 | 0.2.10 | 41.00 | 127.00 | 168.00 | OK | |
r-oldrel-macos-arm64 | 0.2.10 | 74.00 | NOTE | |||
r-oldrel-macos-x86_64 | 0.2.10 | 161.00 | NOTE | |||
r-oldrel-windows-x86_64 | 0.2.10 | 50.00 | 162.00 | 212.00 | OK |
Version: 0.2.10
Check: Rd cross-references
Result: NOTE
Found the following Rd file(s) with Rd \link{} targets missing package
anchors:
LN_hierarchical.Rd: lmer, mcmc
Please provide package anchors for all Rd \link{} targets not in the
package itself and the base packages.
Flavors: r-devel-linux-x86_64-debian-clang, r-devel-linux-x86_64-debian-gcc, r-devel-windows-x86_64
Version: 0.2.10
Check: installed package size
Result: NOTE
installed size is 13.0Mb
sub-directories of 1Mb or more:
libs 12.7Mb
Flavors: r-release-macos-arm64, r-release-macos-x86_64, r-oldrel-macos-arm64, r-oldrel-macos-x86_64