Last updated on 2024-08-16 00:48:15 CEST.
Flavor | Version | Tinstall | Tcheck | Ttotal | Status | Flags |
---|---|---|---|---|---|---|
r-devel-linux-x86_64-debian-clang | 0.2.10 | 16.81 | 53.12 | 69.93 | NOTE | |
r-devel-linux-x86_64-debian-gcc | 0.2.10 | 11.98 | 38.55 | 50.53 | NOTE | |
r-devel-linux-x86_64-fedora-clang | 0.2.10 | 120.59 | NOTE | |||
r-devel-linux-x86_64-fedora-gcc | 0.2.10 | 126.19 | NOTE | |||
r-devel-windows-x86_64 | 0.2.10 | 21.00 | 86.00 | 107.00 | NOTE | |
r-patched-linux-x86_64 | 0.2.10 | 16.97 | 48.06 | 65.03 | NOTE | |
r-release-linux-x86_64 | 0.2.10 | 15.86 | 49.18 | 65.04 | NOTE | |
r-release-macos-arm64 | 0.2.10 | 43.00 | NOTE | |||
r-release-macos-x86_64 | 0.2.10 | 60.00 | NOTE | |||
r-release-windows-x86_64 | 0.2.10 | 24.00 | 84.00 | 108.00 | NOTE | |
r-oldrel-macos-arm64 | 0.2.10 | 45.00 | NOTE | |||
r-oldrel-macos-x86_64 | 0.2.10 | 66.00 | NOTE | |||
r-oldrel-windows-x86_64 | 0.2.10 | 28.00 | 98.00 | 126.00 | NOTE |
Version: 0.2.10
Check: LazyData
Result: NOTE
'LazyData' is specified without a 'data' directory
Flavors: r-devel-linux-x86_64-debian-clang, r-devel-linux-x86_64-debian-gcc, r-devel-linux-x86_64-fedora-clang, r-devel-linux-x86_64-fedora-gcc, r-devel-windows-x86_64, r-patched-linux-x86_64, r-release-linux-x86_64, r-release-macos-arm64, r-release-macos-x86_64, r-release-windows-x86_64, r-oldrel-macos-arm64, r-oldrel-macos-x86_64, r-oldrel-windows-x86_64