Last updated on 2023-12-06 01:55:57 CET.
Flavor | Version | Tinstall | Tcheck | Ttotal | Status | Flags |
---|---|---|---|---|---|---|
r-devel-linux-x86_64-debian-clang | 2.4.0 | 133.74 | 324.91 | 458.65 | NOTE | |
r-devel-linux-x86_64-debian-gcc | 2.4.0 | 97.11 | 233.65 | 330.76 | NOTE | |
r-devel-linux-x86_64-fedora-clang | 2.4.0 | 549.64 | NOTE | |||
r-devel-linux-x86_64-fedora-gcc | 2.4.0 | 553.30 | NOTE | |||
r-devel-windows-x86_64 | 2.4.0 | 97.00 | 149.00 | 246.00 | NOTE | --no-examples --no-tests --no-vignettes |
r-patched-linux-x86_64 | 2.4.0 | 84.08 | 292.80 | 376.88 | OK | |
r-release-linux-x86_64 | 2.4.0 | 87.92 | 289.37 | 377.29 | OK | |
r-release-macos-arm64 | 2.4.0 | 152.00 | NOTE | |||
r-release-macos-x86_64 | 2.4.0 | 256.00 | NOTE | |||
r-release-windows-x86_64 | 2.4.0 | 125.00 | 141.00 | 266.00 | OK | --no-examples --no-tests --no-vignettes |
r-oldrel-macos-arm64 | 2.4.0 | 95.00 | NOTE | |||
r-oldrel-macos-x86_64 | 2.4.0 | 161.00 | NOTE | |||
r-oldrel-windows-x86_64 | 2.4.0 | 121.00 | 132.00 | 253.00 | OK | --no-examples --no-tests --no-vignettes |
Version: 2.4.0
Check: Rd files
Result: NOTE
checkRd: (-1) BuyseTest.Rd:144: Lost braces
144 | To export the classification of each pair set the argument code{keep.pairScore} to \code{TRUE} and call the function \code{getPairScore} on the result of the \code{BuyseTest} function. \cr \cr \cr
| ^
Flavors: r-devel-linux-x86_64-debian-clang, r-devel-linux-x86_64-debian-gcc
Version: 2.4.0
Check: Rd \usage sections
Result: NOTE
Documented arguments not in \usage in Rd file 'calcIntegralSurv2_cpp.Rd':
‘dsurvival’
Documented arguments not in \usage in Rd file 'dot-calcIntegralCif_cpp.Rd':
‘cif’ ‘CIF_t’
Documented arguments not in \usage in Rd file 'validFCTs.Rd':
‘super.classes’
Functions with \usage entries need to have the appropriate \alias
entries, and all their arguments documented.
The \usage entries must correspond to syntactically valid R code.
See chapter ‘Writing R documentation files’ in the ‘Writing R
Extensions’ manual.
Flavors: r-devel-linux-x86_64-debian-clang, r-devel-linux-x86_64-debian-gcc, r-devel-linux-x86_64-fedora-clang, r-devel-linux-x86_64-fedora-gcc
Version: 2.4.0
Flags: --no-examples --no-tests --no-vignettes
Check: Rd \usage sections
Result: NOTE
Documented arguments not in \usage in Rd file 'calcIntegralSurv2_cpp.Rd':
'dsurvival'
Documented arguments not in \usage in Rd file 'dot-calcIntegralCif_cpp.Rd':
'cif' 'CIF_t'
Documented arguments not in \usage in Rd file 'validFCTs.Rd':
'super.classes'
Functions with \usage entries need to have the appropriate \alias
entries, and all their arguments documented.
The \usage entries must correspond to syntactically valid R code.
See chapter 'Writing R documentation files' in the 'Writing R
Extensions' manual.
Flavor: r-devel-windows-x86_64
Version: 2.4.0
Check: installed package size
Result: NOTE
installed size is 8.9Mb
sub-directories of 1Mb or more:
libs 7.2Mb
Flavors: r-release-macos-arm64, r-release-macos-x86_64, r-oldrel-macos-arm64, r-oldrel-macos-x86_64