Last updated on 2023-12-10 12:50:43 CET.
Flavor | Version | Tinstall | Tcheck | Ttotal | Status | Flags |
---|---|---|---|---|---|---|
r-devel-linux-x86_64-debian-clang | 1.3.4 | 42.35 | 99.29 | 141.64 | NOTE | |
r-devel-linux-x86_64-debian-gcc | 1.3.4 | 33.73 | 73.71 | 107.44 | NOTE | |
r-devel-linux-x86_64-fedora-clang | 1.3.4 | 185.31 | NOTE | |||
r-devel-linux-x86_64-fedora-gcc | 1.3.4 | 194.43 | NOTE | |||
r-devel-windows-x86_64 | 1.3.4 | 38.00 | 390.00 | 428.00 | NOTE | |
r-patched-linux-x86_64 | 1.3.4 | 32.14 | 93.55 | 125.69 | NOTE | |
r-release-linux-x86_64 | 1.3.4 | 42.45 | 92.57 | 135.02 | NOTE | |
r-release-macos-arm64 | 1.3.4 | 59.00 | NOTE | |||
r-release-macos-x86_64 | 1.3.4 | 99.00 | NOTE | |||
r-release-windows-x86_64 | 1.3.4 | 47.00 | 663.00 | 710.00 | NOTE | |
r-oldrel-macos-arm64 | 1.3.4 | 58.00 | NOTE | |||
r-oldrel-macos-x86_64 | 1.3.4 | 88.00 | NOTE | |||
r-oldrel-windows-x86_64 | 1.3.4 | 48.00 | 241.00 | 289.00 | OK |
Version: 1.3.4
Check: C++ specification
Result: NOTE
Specified C++11: please drop specification unless essential
Flavors: r-devel-linux-x86_64-debian-clang, r-devel-linux-x86_64-debian-gcc, r-devel-linux-x86_64-fedora-clang, r-devel-linux-x86_64-fedora-gcc, r-devel-windows-x86_64, r-patched-linux-x86_64, r-release-linux-x86_64, r-release-macos-arm64, r-release-macos-x86_64, r-release-windows-x86_64
Version: 1.3.4
Check: installed package size
Result: NOTE
installed size is 6.6Mb
sub-directories of 1Mb or more:
data 1.6Mb
extdata 1.1Mb
libs 3.4Mb
Flavors: r-release-macos-arm64, r-release-macos-x86_64, r-oldrel-macos-arm64, r-oldrel-macos-x86_64