Last updated on 2023-11-29 12:56:43 CET.
Flavor | Version | Tinstall | Tcheck | Ttotal | Status | Flags |
---|---|---|---|---|---|---|
r-devel-linux-x86_64-debian-clang | 3.7.2 | 76.25 | 756.89 | 833.14 | OK | |
r-devel-linux-x86_64-debian-gcc | 3.7.2 | 64.01 | 587.80 | 651.81 | OK | |
r-devel-linux-x86_64-fedora-clang | 3.7.2 | NOTE | ||||
r-devel-linux-x86_64-fedora-gcc | 3.7.2 | 1119.69 | NOTE | |||
r-devel-windows-x86_64 | 3.7.2 | 67.00 | 557.00 | 624.00 | NOTE | |
r-patched-linux-x86_64 | 3.7.2 | 78.55 | 751.95 | 830.50 | OK | |
r-release-linux-x86_64 | 3.7.2 | 63.36 | 746.56 | 809.92 | OK | |
r-release-macos-arm64 | 3.7.2 | 5.00 | ERROR | |||
r-release-macos-x86_64 | 3.7.2 | 539.00 | NOTE | |||
r-release-windows-x86_64 | 3.7.2 | 93.00 | 741.00 | 834.00 | NOTE | |
r-oldrel-macos-arm64 | 3.7.2 | 9.00 | ERROR | |||
r-oldrel-macos-x86_64 | 3.7.2 | 398.00 | NOTE | |||
r-oldrel-windows-x86_64 | 3.7.2 | 89.00 | 670.00 | 759.00 | NOTE |
Version: 3.7.2
Check: installed package size
Result: NOTE
installed size is 5.3Mb
sub-directories of 1Mb or more:
doc 3.2Mb
extdata 1.7Mb
Flavors: r-devel-linux-x86_64-fedora-clang, r-devel-windows-x86_64, r-release-macos-x86_64, r-release-windows-x86_64, r-oldrel-macos-x86_64, r-oldrel-windows-x86_64
Version: 3.7.2
Check: dependencies in R code
Result: NOTE
Namespace in Imports field not imported from: 'Hmisc'
All declared Imports should be used.
Flavors: r-devel-linux-x86_64-fedora-clang, r-devel-linux-x86_64-fedora-gcc, r-oldrel-macos-x86_64
Version: 3.7.2
Check: package dependencies
Result: ERROR
Package required but not available: ‘GenomicInteractions’
Packages suggested but not available for checking:
'InteractionSet', 'BSgenome.Hsapiens.UCSC.hg19'
See section ‘The DESCRIPTION file’ in the ‘Writing R Extensions’
manual.
Flavor: r-release-macos-arm64
Version: 3.7.2
Check: package dependencies
Result: NOTE
Package suggested but not available for checking: ‘BSgenome.Hsapiens.UCSC.hg19’
Flavors: r-release-macos-x86_64, r-release-windows-x86_64, r-oldrel-macos-x86_64, r-oldrel-windows-x86_64
Version: 3.7.2
Check: package dependencies
Result: ERROR
Package required but not available: ‘GenomicInteractions’
Package suggested but not available for checking: ‘BSgenome.Hsapiens.UCSC.hg19’
See section ‘The DESCRIPTION file’ in the ‘Writing R Extensions’
manual.
Flavor: r-oldrel-macos-arm64