Last updated on 2023-11-29 12:56:44 CET.
Flavor | Version | Tinstall | Tcheck | Ttotal | Status | Flags |
---|---|---|---|---|---|---|
r-devel-linux-x86_64-debian-clang | 1.4.0 | 45.32 | 478.45 | 523.77 | NOTE | |
r-devel-linux-x86_64-debian-gcc | 1.4.0 | 33.10 | 354.58 | 387.68 | NOTE | |
r-devel-linux-x86_64-fedora-clang | 1.4.0 | 650.55 | NOTE | |||
r-devel-linux-x86_64-fedora-gcc | 1.4.0 | 680.77 | NOTE | |||
r-devel-windows-x86_64 | 1.4.0 | 34.00 | 332.00 | 366.00 | OK | |
r-patched-linux-x86_64 | 1.4.0 | 42.18 | 463.56 | 505.74 | OK | |
r-release-linux-x86_64 | 1.4.0 | 30.84 | 457.87 | 488.71 | OK | |
r-release-macos-arm64 | 1.4.0 | 177.00 | OK | |||
r-release-macos-x86_64 | 1.4.0 | 292.00 | OK | |||
r-release-windows-x86_64 | 1.4.0 | 49.00 | 448.00 | 497.00 | OK | |
r-oldrel-macos-arm64 | 1.4.0 | 102.00 | OK | |||
r-oldrel-macos-x86_64 | 1.4.0 | 196.00 | OK | |||
r-oldrel-windows-x86_64 | 1.4.0 | 51.00 | 422.00 | 473.00 | OK |
Version: 1.4.0
Check: Rd files
Result: NOTE
checkRd: (-1) ch_tr_sign.Rd:15: Lost braces; missing escapes or markup?
15 | {x} {an array of indices 1, 2, 3}
| ^
checkRd: (-1) ch_tr_signif.Rd:15: Lost braces; missing escapes or markup?
15 | {x} {an array of indices 1 and 2, where 1 is NS and 2 is significant}
| ^
Flavors: r-devel-linux-x86_64-debian-clang, r-devel-linux-x86_64-debian-gcc
Version: 1.4.0
Check: data for non-ASCII characters
Result: NOTE
Note: found 282 marked UTF-8 strings
Flavors: r-devel-linux-x86_64-fedora-clang, r-devel-linux-x86_64-fedora-gcc