Last updated on 2024-08-16 00:48:18 CEST.
Flavor | Version | Tinstall | Tcheck | Ttotal | Status | Flags |
---|---|---|---|---|---|---|
r-devel-linux-x86_64-debian-clang | 1.1.5 | 7.69 | 286.42 | 294.11 | OK | |
r-devel-linux-x86_64-debian-gcc | 1.1.5 | 5.66 | 163.51 | 169.17 | OK | |
r-devel-linux-x86_64-fedora-clang | 1.1.5 | 473.51 | OK | |||
r-devel-linux-x86_64-fedora-gcc | 1.1.5 | 473.35 | OK | |||
r-devel-windows-x86_64 | 1.1.5 | 11.00 | 307.00 | 318.00 | OK | |
r-patched-linux-x86_64 | 1.1.5 | 10.82 | 265.28 | 276.10 | OK | |
r-release-linux-x86_64 | 1.1.5 | 8.38 | 262.66 | 271.04 | OK | |
r-release-macos-arm64 | 1.1.5 | 101.00 | OK | |||
r-release-macos-x86_64 | 1.1.5 | 185.00 | WARN | |||
r-release-windows-x86_64 | 1.1.5 | 10.00 | 300.00 | 310.00 | OK | |
r-oldrel-macos-arm64 | 1.1.5 | 116.00 | OK | |||
r-oldrel-macos-x86_64 | 1.1.5 | 351.00 | OK | |||
r-oldrel-windows-x86_64 | 1.1.5 | 12.00 | 383.00 | 395.00 | OK |
Version: 1.1.5
Check: re-building of vignette outputs
Result: WARN
Error(s) in re-building vignettes:
...
--- re-building ‘CUBvignette-knitr.Rnw’ using knitr
Error: processing vignette 'CUBvignette-knitr.Rnw' failed with diagnostics:
Running 'texi2dvi' on 'CUBvignette-knitr.tex' failed.
LaTeX errors:
! Undefined control sequence.
l.195 \hlkwd{GEM}\hldef
{(Formula, family, ...)}
?
! Emergency stop.
! Emergency stop.
l.195
End of file on the terminal!
! ==> Fatal error occurred, no output PDF file produced!
--- failed re-building ‘CUBvignette-knitr.Rnw’
SUMMARY: processing the following file failed:
‘CUBvignette-knitr.Rnw’
Error: Vignette re-building failed.
Execution halted
Flavor: r-release-macos-x86_64