CRAN Package Check Results for Package Cairo

Last updated on 2024-02-28 13:53:10 CET.

Flavor Version Tinstall Tcheck Ttotal Status Flags
r-devel-linux-x86_64-debian-clang 1.6-2 10.07 27.52 37.59 OK
r-devel-linux-x86_64-debian-gcc 1.6-2 7.48 21.27 28.75 OK
r-devel-linux-x86_64-fedora-clang 1.6-2 50.45 OK
r-devel-linux-x86_64-fedora-gcc 1.6-2 48.54 OK
r-devel-windows-x86_64 1.6-2 25.00 90.00 115.00 NOTE
r-patched-linux-x86_64 1.6-2 9.83 27.07 36.90 OK
r-release-linux-x86_64 1.6-2 9.38 27.92 37.30 OK
r-release-macos-arm64 1.6-2 40.00 NOTE
r-release-macos-x86_64 1.6-2 83.00 NOTE
r-release-windows-x86_64 1.6-2 25.00 112.00 137.00 WARN
r-oldrel-macos-arm64 1.6-2 46.00 NOTE
r-oldrel-windows-x86_64 1.6-2 22.00 97.00 119.00 NOTE

Check Details

Version: 1.6-2
Check: installed package size
Result: NOTE installed size is 7.3Mb sub-directories of 1Mb or more: libs 7.2Mb Flavors: r-devel-windows-x86_64, r-release-macos-arm64, r-release-macos-x86_64, r-release-windows-x86_64, r-oldrel-macos-arm64, r-oldrel-windows-x86_64

Version: 1.6-2
Check: whether package can be installed
Result: WARN Found the following significant warnings: WARNING: failed to apply patch d:/RCompile/CRANpkg/r_packages/patches/CRAN/Cairo.diff D:/rtools43/usr/lib/mxe/usr/x86_64-w64-mingw32.static.posix/include/minwindef.h:196:3: warning: function declaration isn't a prototype [-Wstrict-prototypes] D:/rtools43/usr/lib/mxe/usr/x86_64-w64-mingw32.static.posix/include/minwindef.h:197:3: warning: function declaration isn't a prototype [-Wstrict-prototypes] D:/rtools43/usr/lib/mxe/usr/x86_64-w64-mingw32.static.posix/include/minwindef.h:198:3: warning: function declaration isn't a prototype [-Wstrict-prototypes] D:/rtools43/usr/lib/mxe/usr/x86_64-w64-mingw32.static.posix/include/processthreadsapi.h:130:47: warning: ISO C does not allow extra ';' outside of a function [-Wpedantic] D:/rtools43/usr/lib/mxe/usr/x86_64-w64-mingw32.static.posix/include/wingdi.h:2105:52: warning: ISO C restricts enumerator values to range of 'int' [-Wpedantic] D:/rtools43/usr/lib/mxe/usr/x86_64-w64-mingw32.static.posix/include/wingdi.h:2137:42: warning: ISO C restricts enumerator values to range of 'int' [-Wpedantic] D:/rtools43/usr/lib/mxe/usr/x86_64-w64-mingw32.static.posix/include/wingdi.h:2145:43: warning: ISO C restricts enumerator values to range of 'int' [-Wpedantic] D:/rtools43/usr/lib/mxe/usr/x86_64-w64-mingw32.static.posix/include/wingdi.h:2152:49: warning: ISO C restricts enumerator values to range of 'int' [-Wpedantic] D:/rtools43/usr/lib/mxe/usr/x86_64-w64-mingw32.static.posix/include/wingdi.h:2161:46: warning: ISO C restricts enumerator values to range of 'int' [-Wpedantic] D:/rtools43/usr/lib/mxe/usr/x86_64-w64-mingw32.static.posix/include/wingdi.h:2254:43: warning: ISO C restricts enumerator values to range of 'int' [-Wpedantic] D:/rtools43/usr/lib/mxe/usr/x86_64-w64-mingw32.static.posix/include/wingdi.h:2269:46: warning: ISO C restricts enumerator values to range of 'int' [-Wpedantic] D:/rtools43/usr/lib/mxe/usr/x86_64-w64-mingw32.static.posix/include/wingdi.h:2355:49: warning: ISO C restricts enumerator values to range of 'int' [-Wpedantic] D:/rtools43/usr/lib/mxe/usr/x86_64-w64-mingw32.static.posix/include/winuser.h:4235:34: warning: ISO C does not allow extra ';' outside of a function [-Wpedantic] D:/rtools43/usr/lib/mxe/usr/x86_64-w64-mingw32.static.posix/include/winuser.h:4236:35: warning: ISO C does not allow extra ';' outside of a function [-Wpedantic] D:/rtools43/usr/lib/mxe/usr/x86_64-w64-mingw32.static.posix/include/winuser.h:6736:40: warning: ISO C does not allow extra ';' outside of a function [-Wpedantic] D:/rtools43/usr/lib/mxe/usr/x86_64-w64-mingw32.static.posix/include/winuser.h:6749:54: warning: ISO C does not allow extra ';' outside of a function [-Wpedantic] D:/rtools43/usr/lib/mxe/usr/x86_64-w64-mingw32.static.posix/include/rpcndr.h:451:3: warning: function declaration isn't a prototype [-Wstrict-prototypes] D:/rtools43/usr/lib/mxe/usr/x86_64-w64-mingw32.static.posix/include/urlmon.h:1333:24: warning: ISO C restricts enumerator values to range of 'int' [-Wpedantic] D:/rtools43/usr/lib/mxe/usr/x86_64-w64-mingw32.static.posix/include/urlmon.h:1745:25: warning: ISO C restricts enumerator values to range of 'int' [-Wpedantic] D:/rtools43/usr/lib/mxe/usr/x86_64-w64-mingw32.static.posix/include/winioctl.h:359:11: warning: ISO C forbids zero-size array 'SerialNumber' [-Wpedantic] See 'd:/Rcompile/CRANpkg/local/4.3/Cairo.Rcheck/00install.out' for details. * used C compiler: 'gcc.exe (GCC) 12.3.0' Flavor: r-release-windows-x86_64