Last updated on 2023-12-08 13:49:56 CET.
Flavor | Version | Tinstall | Tcheck | Ttotal | Status | Flags |
---|---|---|---|---|---|---|
r-devel-linux-x86_64-debian-clang | 0.2 | 45.53 | 63.74 | 109.27 | NOTE | |
r-devel-linux-x86_64-debian-gcc | 0.2 | 29.42 | 46.99 | 76.41 | NOTE | |
r-devel-linux-x86_64-fedora-clang | 0.2 | 155.21 | NOTE | |||
r-devel-linux-x86_64-fedora-gcc | 0.2 | 153.16 | NOTE | |||
r-devel-windows-x86_64 | 0.2 | 35.00 | 121.00 | 156.00 | NOTE | |
r-patched-linux-x86_64 | 0.2 | 26.85 | 66.72 | 93.57 | OK | |
r-release-linux-x86_64 | 0.2 | 37.25 | 67.05 | 104.30 | OK | |
r-release-macos-arm64 | 0.2 | 168.00 | OK | |||
r-release-macos-x86_64 | 0.2 | 231.00 | OK | |||
r-release-windows-x86_64 | 0.2 | 46.00 | 404.00 | 450.00 | OK | |
r-oldrel-macos-arm64 | 0.2 | 142.00 | NOTE | |||
r-oldrel-macos-x86_64 | 0.2 | 224.00 | NOTE | |||
r-oldrel-windows-x86_64 | 0.2 | 43.00 | 414.00 | 457.00 | OK |
Version: 0.2
Check: Rd metadata
Result: NOTE
Invalid package aliases in Rd file 'ChangePointAnalyzer-package.Rd':
‘ChangePointAnalyzer-package’
Flavors: r-devel-linux-x86_64-debian-clang, r-devel-linux-x86_64-debian-gcc, r-devel-linux-x86_64-fedora-clang, r-devel-linux-x86_64-fedora-gcc, r-devel-windows-x86_64
Version: 0.2
Check: Rd contents
Result: NOTE
Auto-generated content requiring editing in Rd file 'ChangePointAnalyzer-package.Rd':
\references: ‘This optional section can contain literature or other refere...’
\seealso: ‘Optional links to other man pages’
\examples: ‘\dontrun{ ## Optional simple examples of the most impor...’
Flavors: r-devel-linux-x86_64-debian-clang, r-devel-linux-x86_64-debian-gcc, r-devel-linux-x86_64-fedora-clang, r-devel-linux-x86_64-fedora-gcc, r-devel-windows-x86_64
Version: 0.2
Check: dependencies in R code
Result: NOTE
Namespaces in Imports field not imported from:
‘bench’ ‘ggplot2’
All declared Imports should be used.
Flavors: r-devel-linux-x86_64-fedora-clang, r-devel-linux-x86_64-fedora-gcc, r-oldrel-macos-arm64, r-oldrel-macos-x86_64