Last updated on 2024-08-16 00:48:17 CEST.
Flavor | Version | Tinstall | Tcheck | Ttotal | Status | Flags |
---|---|---|---|---|---|---|
r-devel-linux-x86_64-debian-clang | 3.1.0 | 6.72 | 639.03 | 645.75 | OK | |
r-devel-linux-x86_64-debian-gcc | 3.1.0 | 4.25 | 435.65 | 439.90 | OK | |
r-devel-linux-x86_64-fedora-clang | 3.1.0 | 1011.96 | OK | |||
r-devel-linux-x86_64-fedora-gcc | 3.1.0 | 955.51 | OK | |||
r-devel-windows-x86_64 | 3.1.0 | 8.00 | 362.00 | 370.00 | OK | |
r-patched-linux-x86_64 | 3.1.0 | 5.63 | 593.22 | 598.85 | OK | |
r-release-linux-x86_64 | 3.1.0 | 6.09 | 587.80 | 593.89 | OK | |
r-release-macos-arm64 | 3.1.0 | 199.00 | OK | |||
r-release-macos-x86_64 | 3.1.0 | 397.00 | OK | |||
r-release-windows-x86_64 | 3.1.0 | 7.00 | 358.00 | 365.00 | OK | |
r-oldrel-macos-arm64 | 3.1.0 | 11.00 | ERROR | |||
r-oldrel-macos-x86_64 | 3.1.0 | 10.00 | ERROR | |||
r-oldrel-windows-x86_64 | 3.1.0 | 10.00 | 498.00 | 508.00 | OK |
Version: 3.1.0
Check: package dependencies
Result: ERROR
Package required and available but unsuitable version: ‘omopgenerics’
See section ‘The DESCRIPTION file’ in the ‘Writing R Extensions’
manual.
Flavors: r-oldrel-macos-arm64, r-oldrel-macos-x86_64