Last updated on 2023-12-06 12:53:29 CET.
Flavor | Version | Tinstall | Tcheck | Ttotal | Status | Flags |
---|---|---|---|---|---|---|
r-devel-linux-x86_64-debian-clang | 0.1.0 | 51.59 | 370.42 | 422.01 | WARN | |
r-devel-linux-x86_64-debian-gcc | 0.1.0 | 35.98 | 258.39 | 294.37 | NOTE | |
r-devel-linux-x86_64-fedora-clang | 0.1.0 | 510.92 | WARN | |||
r-devel-linux-x86_64-fedora-gcc | 0.1.0 | 514.15 | NOTE | |||
r-devel-windows-x86_64 | 0.1.0 | 37.00 | 288.00 | 325.00 | NOTE | |
r-patched-linux-x86_64 | 0.1.0 | 36.23 | 338.46 | 374.69 | NOTE | |
r-release-linux-x86_64 | 0.1.0 | 32.40 | 321.42 | 353.82 | NOTE | |
r-release-macos-arm64 | 0.1.0 | 185.00 | NOTE | |||
r-release-macos-x86_64 | 0.1.0 | 271.00 | NOTE | |||
r-release-windows-x86_64 | 0.1.0 | 49.00 | 360.00 | 409.00 | NOTE | |
r-oldrel-macos-arm64 | 0.1.0 | 173.00 | NOTE | |||
r-oldrel-macos-x86_64 | 0.1.0 | 202.00 | NOTE | |||
r-oldrel-windows-x86_64 | 0.1.0 | 50.00 | 356.00 | 406.00 | NOTE |
Version: 0.1.0
Check: whether package can be installed
Result: WARN
Found the following significant warnings:
RcppExports.cpp:59:18: warning: format string is not a string literal (potentially insecure) [-Wformat-security]
RcppExports.cpp:110:18: warning: format string is not a string literal (potentially insecure) [-Wformat-security]
RcppExports.cpp:159:18: warning: format string is not a string literal (potentially insecure) [-Wformat-security]
See ‘/home/hornik/tmp/R.check/r-devel-clang/Work/PKGS/Compack.Rcheck/00install.out’ for details.
* used C++ compiler: ‘Debian clang version 17.0.5 (1)’
Flavor: r-devel-linux-x86_64-debian-clang
Version: 0.1.0
Check: C++ specification
Result: NOTE
Specified C++11: please drop specification unless essential
Flavors: r-devel-linux-x86_64-debian-clang, r-devel-linux-x86_64-debian-gcc, r-devel-linux-x86_64-fedora-clang, r-devel-linux-x86_64-fedora-gcc, r-devel-windows-x86_64, r-patched-linux-x86_64, r-release-linux-x86_64, r-release-macos-arm64, r-release-macos-x86_64, r-release-windows-x86_64
Version: 0.1.0
Check: Rd files
Result: NOTE
checkRd: (-1) GIC.FuncompCGL.Rd:94: Lost braces
94 | Tune the grid values of the penalty parameter code{lam} and the degrees of freedom of
| ^
checkRd: (-1) GIC.compCL.Rd:37: Lost braces
37 | Tune the penalty parameter code{lam} in the \code{compCGL} model by GIC, BIC, or AIC. This
| ^
Flavors: r-devel-linux-x86_64-debian-clang, r-devel-linux-x86_64-debian-gcc
Version: 0.1.0
Check: LazyData
Result: NOTE
'LazyData' is specified without a 'data' directory
Flavors: r-devel-linux-x86_64-debian-clang, r-devel-linux-x86_64-debian-gcc, r-devel-linux-x86_64-fedora-clang, r-devel-linux-x86_64-fedora-gcc, r-devel-windows-x86_64, r-patched-linux-x86_64, r-release-linux-x86_64, r-release-macos-arm64, r-release-macos-x86_64, r-release-windows-x86_64, r-oldrel-macos-arm64, r-oldrel-macos-x86_64, r-oldrel-windows-x86_64
Version: 0.1.0
Check: whether package can be installed
Result: WARN
Found the following significant warnings:
RcppExports.cpp:59:18: warning: format string is not a string literal (potentially insecure) [-Wformat-security]
RcppExports.cpp:110:18: warning: format string is not a string literal (potentially insecure) [-Wformat-security]
RcppExports.cpp:159:18: warning: format string is not a string literal (potentially insecure) [-Wformat-security]
See ‘/data/gannet/ripley/R/packages/tests-clang/Compack.Rcheck/00install.out’ for details.
* used C++ compiler: ‘clang version 17.0.5’
Flavor: r-devel-linux-x86_64-fedora-clang