Last updated on 2023-12-07 12:49:27 CET.
Flavor | Version | Tinstall | Tcheck | Ttotal | Status | Flags |
---|---|---|---|---|---|---|
r-devel-linux-x86_64-debian-clang | 0.1.0 | 23.16 | 173.36 | 196.52 | OK | |
r-devel-linux-x86_64-debian-gcc | 0.1.0 | 16.78 | 125.26 | 142.04 | OK | |
r-devel-linux-x86_64-fedora-clang | 0.1.0 | 239.29 | OK | |||
r-devel-linux-x86_64-fedora-gcc | 0.1.0 | 235.26 | OK | |||
r-devel-windows-x86_64 | 0.1.0 | 18.00 | 126.00 | 144.00 | OK | |
r-patched-linux-x86_64 | 0.1.0 | 13.96 | 165.51 | 179.47 | OK | |
r-release-linux-x86_64 | 0.1.0 | 13.59 | 164.00 | 177.59 | OK | |
r-release-macos-arm64 | 0.1.0 | 64.00 | OK | |||
r-release-macos-x86_64 | 0.1.0 | 129.00 | ERROR | |||
r-release-windows-x86_64 | 0.1.0 | 25.00 | 155.00 | 180.00 | OK | |
r-oldrel-macos-arm64 | 0.1.0 | 53.00 | OK | |||
r-oldrel-macos-x86_64 | 0.1.0 | 91.00 | ERROR | |||
r-oldrel-windows-x86_64 | 0.1.0 | 23.00 | 153.00 | 176.00 | OK |
Version: 0.1.0
Check: examples
Result: ERROR
Running examples in ‘CompareMultipleModels-Ex.R’ failed
The error most likely occurred in:
> ### Name: best_model_finder
> ### Title: Finding the Best Model Using Eight Metrics Values
> ### Aliases: best_model_finder
>
> ### ** Examples
>
> set.seed(123) # for reproducibility
> Y <- rnorm(100, 100, 10)
> model_1 <-CEEMDANML::carigaan(Y, ratio = 0.8, n_lag = 4)
Error in optim(init[mask], armafn, method = optim.method, hessian = TRUE, :
non-finite finite-difference value [1]
Calls: <Anonymous> -> arima -> optim
Execution halted
Flavors: r-release-macos-x86_64, r-oldrel-macos-x86_64