Last updated on 2023-11-29 01:49:19 CET.
Flavor | Version | Tinstall | Tcheck | Ttotal | Status | Flags |
---|---|---|---|---|---|---|
r-devel-linux-x86_64-debian-clang | 0.0-1 | 15.26 | 196.97 | 212.23 | NOTE | |
r-devel-linux-x86_64-debian-gcc | 0.0-1 | 11.64 | 141.12 | 152.76 | NOTE | |
r-devel-linux-x86_64-fedora-clang | 0.0-1 | 253.28 | OK | |||
r-devel-linux-x86_64-fedora-gcc | 0.0-1 | 133.77 | OK | |||
r-devel-windows-x86_64 | 0.0-1 | 12.00 | 154.00 | 166.00 | OK | |
r-patched-linux-x86_64 | 0.0-1 | 15.62 | 186.98 | 202.60 | OK | |
r-release-linux-x86_64 | 0.0-1 | 9.39 | 185.04 | 194.43 | OK | |
r-release-macos-arm64 | 0.0-1 | 80.00 | OK | |||
r-release-macos-x86_64 | 0.0-1 | 116.00 | OK | |||
r-release-windows-x86_64 | 0.0-1 | 17.00 | 193.00 | 210.00 | OK | |
r-oldrel-macos-arm64 | 0.0-1 | 57.00 | OK | |||
r-oldrel-macos-x86_64 | 0.0-1 | 99.00 | OK | |||
r-oldrel-windows-x86_64 | 0.0-1 | 16.00 | 185.00 | 201.00 | OK |
Version: 0.0-1
Check: Rd files
Result: NOTE
checkRd: (-1) setCPT.O.Rd:85: Lost braces; missing escapes or markup?
85 | statespace {0,1,2}, which this is *not* checked anywhere. Thus, if
| ^
Flavors: r-devel-linux-x86_64-debian-clang, r-devel-linux-x86_64-debian-gcc