Last updated on 2023-11-30 01:53:27 CET.
Flavor | Version | Tinstall | Tcheck | Ttotal | Status | Flags |
---|---|---|---|---|---|---|
r-devel-linux-x86_64-debian-clang | 0.1.3 | 64.80 | 562.27 | 627.07 | OK | |
r-devel-linux-x86_64-debian-gcc | 0.1.3 | 51.43 | 420.40 | 471.83 | OK | |
r-devel-linux-x86_64-fedora-clang | 0.1.3 | 803.58 | OK | |||
r-devel-linux-x86_64-fedora-gcc | 0.1.3 | 819.20 | OK | |||
r-devel-windows-x86_64 | 0.1.3 | 22.00 | 5.00 | 27.00 | ERROR | |
r-patched-linux-x86_64 | 0.1.3 | 48.76 | 538.06 | 586.82 | OK | |
r-release-linux-x86_64 | 0.1.3 | 49.38 | 529.65 | 579.03 | OK | |
r-release-macos-arm64 | 0.1.3 | 11.00 | ERROR | |||
r-release-macos-x86_64 | 0.1.3 | 11.00 | ERROR | |||
r-release-windows-x86_64 | 0.1.3 | 28.00 | 5.00 | 33.00 | ERROR | |
r-oldrel-macos-arm64 | 0.1.3 | 195.00 | OK | |||
r-oldrel-macos-x86_64 | 0.1.3 | 258.00 | OK | |||
r-oldrel-windows-x86_64 | 0.1.3 | 72.00 | 458.00 | 530.00 | OK |
Version: 0.1.3
Check: whether package can be installed
Result: ERROR
Installation failed.
Flavors: r-devel-windows-x86_64, r-release-windows-x86_64
Version: 0.1.3
Check: package dependencies
Result: ERROR
Package required but not available: ‘GSVA’
See section ‘The DESCRIPTION file’ in the ‘Writing R Extensions’
manual.
Flavors: r-release-macos-arm64, r-release-macos-x86_64