Last updated on 2024-08-16 00:48:19 CEST.
Flavor | Version | Tinstall | Tcheck | Ttotal | Status | Flags |
---|---|---|---|---|---|---|
r-devel-linux-x86_64-debian-clang | 0.1.4 | 65.04 | 499.24 | 564.28 | OK | |
r-devel-linux-x86_64-debian-gcc | 0.1.4 | 46.45 | 348.40 | 394.85 | OK | |
r-devel-linux-x86_64-fedora-clang | 0.1.4 | 869.87 | OK | |||
r-devel-linux-x86_64-fedora-gcc | 0.1.4 | 855.98 | OK | |||
r-devel-windows-x86_64 | 0.1.4 | 15.00 | 5.00 | 20.00 | ERROR | |
r-patched-linux-x86_64 | 0.1.4 | 53.93 | 435.72 | 489.65 | OK | |
r-release-linux-x86_64 | 0.1.4 | 54.61 | 437.10 | 491.71 | OK | |
r-release-macos-arm64 | 0.1.4 | 218.00 | NOTE | |||
r-release-macos-x86_64 | 0.1.4 | 331.00 | NOTE | |||
r-release-windows-x86_64 | 0.1.4 | 15.00 | 14.00 | 29.00 | ERROR | |
r-oldrel-macos-arm64 | 0.1.4 | 11.00 | ERROR | |||
r-oldrel-macos-x86_64 | 0.1.4 | 13.00 | ERROR | |||
r-oldrel-windows-x86_64 | 0.1.4 | 14.00 | 8.00 | 22.00 | ERROR |
Version: 0.1.4
Check: whether package can be installed
Result: ERROR
Installation failed.
Flavors: r-devel-windows-x86_64, r-release-windows-x86_64, r-oldrel-windows-x86_64
Version: 0.1.4
Check: installed package size
Result: NOTE
installed size is 5.6Mb
sub-directories of 1Mb or more:
data 5.4Mb
Flavors: r-release-macos-arm64, r-release-macos-x86_64
Version: 0.1.4
Check: package dependencies
Result: ERROR
Package required but not available: ‘GSVA’
See section ‘The DESCRIPTION file’ in the ‘Writing R Extensions’
manual.
Flavors: r-oldrel-macos-arm64, r-oldrel-macos-x86_64