CRAN Package Check Results for Package DSWE

Last updated on 2023-12-10 01:52:24 CET.

Flavor Version Tinstall Tcheck Ttotal Status Flags
r-devel-linux-x86_64-debian-clang 1.6.3 55.11 149.40 204.51 OK
r-devel-linux-x86_64-debian-gcc 1.6.3 52.52 112.52 165.04 OK
r-devel-linux-x86_64-fedora-clang 1.6.3 296.76 OK
r-devel-linux-x86_64-fedora-gcc 1.6.3 297.11 OK
r-devel-windows-x86_64 1.6.3 59.00 135.00 194.00 OK
r-patched-linux-x86_64 1.6.3 51.14 141.95 193.09 OK
r-release-linux-x86_64 1.6.3 46.16 139.19 185.35 OK
r-release-macos-arm64 1.6.3 68.00 NOTE
r-release-macos-x86_64 1.6.3 159.00 NOTE
r-release-windows-x86_64 1.6.3 75.00 174.00 249.00 OK
r-oldrel-macos-arm64 1.6.3 71.00 NOTE
r-oldrel-macos-x86_64 1.6.3 105.00 NOTE
r-oldrel-windows-x86_64 1.6.3 70.00 168.00 238.00 OK

Check Details

Version: 1.6.3
Check: installed package size
Result: NOTE installed size is 6.5Mb sub-directories of 1Mb or more: data 2.8Mb libs 3.4Mb Flavors: r-release-macos-arm64, r-release-macos-x86_64, r-oldrel-macos-arm64, r-oldrel-macos-x86_64