CRAN Package Check Results for Package DetMCD

Last updated on 2024-02-26 00:50:43 CET.

Flavor Version Tinstall Tcheck Ttotal Status Flags
r-devel-linux-x86_64-debian-clang 0.0.5 37.24 28.63 65.87 OK
r-devel-linux-x86_64-debian-gcc 0.0.5 30.45 23.99 54.44 OK
r-devel-linux-x86_64-fedora-clang 0.0.5 89.61 OK
r-devel-linux-x86_64-fedora-gcc 0.0.5 90.43 OK
r-devel-windows-x86_64 0.0.5 29.00 63.00 92.00 OK
r-patched-linux-x86_64 0.0.5 34.85 30.69 65.54 OK
r-release-linux-x86_64 0.0.5 35.66 31.18 66.84 OK
r-release-macos-arm64 0.0.5 36.00 NOTE
r-release-macos-x86_64 0.0.5 46.00 NOTE
r-release-windows-x86_64 0.0.5 36.00 71.00 107.00 OK
r-oldrel-macos-arm64 0.0.5 33.00 NOTE
r-oldrel-windows-x86_64 0.0.5 32.00 69.00 101.00 OK

Check Details

Version: 0.0.5
Check: installed package size
Result: NOTE installed size is 12.1Mb sub-directories of 1Mb or more: libs 12.0Mb Flavors: r-release-macos-arm64, r-release-macos-x86_64, r-oldrel-macos-arm64