CRAN Package Check Results for Package DiceOptim

Last updated on 2024-02-22 01:57:26 CET.

Flavor Version Tinstall Tcheck Ttotal Status Flags
r-devel-linux-x86_64-debian-clang 2.1.1 NOTE
r-devel-linux-x86_64-debian-gcc 2.1.1 9.66 77.31 86.97 NOTE
r-devel-linux-x86_64-fedora-clang 2.1.1 145.86 NOTE
r-devel-linux-x86_64-fedora-gcc 2.1.1 142.38 NOTE
r-devel-windows-x86_64 2.1.1 13.00 105.00 118.00 OK
r-patched-linux-x86_64 2.1.1 17.25 98.83 116.08 OK
r-release-linux-x86_64 2.1.1 10.93 96.27 107.20 OK
r-release-macos-arm64 2.1.1 40.00 OK
r-release-macos-x86_64 2.1.1 71.00 NOTE
r-release-windows-x86_64 2.1.1 13.00 121.00 134.00 OK
r-oldrel-macos-arm64 2.1.1 40.00 OK
r-oldrel-windows-x86_64 2.1.1 17.00 116.00 133.00 OK

Check Details

Version: 2.1.1
Check: Rd files
Result: NOTE checkRd: (-1) EGO.cst.Rd:71: Lost braces in \itemize; \value handles \item{}{} directly checkRd: (-1) EGO.cst.Rd:72: Lost braces in \itemize; \value handles \item{}{} directly checkRd: (-1) EGO.cst.Rd:73: Lost braces in \itemize; \value handles \item{}{} directly checkRd: (-1) EGO.cst.Rd:74: Lost braces in \itemize; \value handles \item{}{} directly checkRd: (-1) EGO.cst.Rd:75: Lost braces in \itemize; \value handles \item{}{} directly checkRd: (-1) EGO.cst.Rd:76: Lost braces in \itemize; \value handles \item{}{} directly checkRd: (-1) EGO.cst.Rd:77: Lost braces in \itemize; \value handles \item{}{} directly checkRd: (-1) crit_AL.Rd:28: Lost braces in \itemize; meant \describe ? checkRd: (-1) crit_AL.Rd:29: Lost braces in \itemize; meant \describe ? checkRd: (-1) crit_AL.Rd:30: Lost braces in \itemize; meant \describe ? checkRd: (-1) crit_AL.Rd:31: Lost braces in \itemize; meant \describe ? checkRd: (-1) crit_AL.Rd:32: Lost braces in \itemize; meant \describe ? checkRd: (-1) crit_AL.Rd:33: Lost braces in \itemize; meant \describe ? checkRd: (-1) critcst_optimizer.Rd:48: Lost braces in \itemize; meant \describe ? checkRd: (-1) critcst_optimizer.Rd:49: Lost braces in \itemize; meant \describe ? checkRd: (-1) easyEGO.Rd:60: Lost braces 60 | \item \code{trace}{: between -1 and 3} | ^ checkRd: (-1) easyEGO.Rd:61: Lost braces 61 | \item \code{seed}{: to fix the seed of the run} | ^ checkRd: (-1) easyEGO.Rd:62: Lost braces 62 | \item \code{cov.reestim}{: Boolean, if TRUE (default) the covariance parameters are re-estimated at each iteration} | ^ checkRd: (-1) easyEGO.Rd:63: Lost braces 63 | \item \code{model.trend}{: trend for the GP model} | ^ checkRd: (-1) easyEGO.Rd:64: Lost braces 64 | \item \code{lb, ub}{: lower and upper bounds for the GP covariance ranges} | ^ checkRd: (-1) easyEGO.Rd:65: Lost braces 65 | \item \code{nugget}{: optional nugget effect} | ^ checkRd: (-1) easyEGO.Rd:66: Lost braces 66 | \item \code{covtype}{: covariance of the GP model (default "matern5_2")} | ^ checkRd: (-1) easyEGO.Rd:67: Lost braces 67 | \item \code{optim.method}{: optimisation of the GP hyperparameters (default "BFGS")} | ^ checkRd: (-1) easyEGO.Rd:68: Lost braces 68 | \item \code{multistart}{: number of restarts of BFGS} | ^ checkRd: (-1) easyEGO.Rd:69: Lost braces 69 | \item \code{gpmean.trick, gpmean.freq}{: Boolean and integer, resp., for the gpmean trick} | ^ checkRd: (-1) easyEGO.Rd:70: Lost braces 70 | \item \code{scaling}{: Boolean, activates input scaling} | ^ checkRd: (-1) easyEGO.Rd:71: Lost braces 71 | \item \code{warping}{: Boolean, activates output warping} | ^ checkRd: (-1) easyEGO.Rd:72: Lost braces 72 | \item \code{TR}{: Boolean, activates TREGO instead of EGO} | ^ checkRd: (-1) easyEGO.Rd:73: Lost braces 73 | \item \code{trcontrol}{: list of parameters of the trust region, see \code{\link[DiceOptim]{TREGO.nsteps}}} | ^ checkRd: (-1) easyEGO.Rd:74: Lost braces 74 | \item \code{always.sample}{: Boolean, activates force observation even if it leads to poor conditioning} | ^ checkRd: (-1) easyEGO.Rd:43: Lost braces in \itemize; \value handles \item{}{} directly checkRd: (-1) easyEGO.Rd:44: Lost braces in \itemize; \value handles \item{}{} directly checkRd: (-1) easyEGO.Rd:45: Lost braces in \itemize; \value handles \item{}{} directly checkRd: (-1) easyEGO.Rd:46: Lost braces in \itemize; \value handles \item{}{} directly checkRd: (-1) easyEGO.Rd:47: Lost braces in \itemize; \value handles \item{}{} directly checkRd: (-1) easyEGO.Rd:48: Lost braces in \itemize; \value handles \item{}{} directly checkRd: (-1) easyEGO.cst.Rd:74-75: Lost braces 74 | \item \code{method}{: choice of constrained improvement function: "\code{AL}", "\code{EFI}" or "\code{SUR}" | ^ checkRd: (-1) easyEGO.cst.Rd:76: Lost braces 76 | \item \code{trace}{: if positive, tracing information on the progress of the optimization is produced.} | ^ checkRd: (-1) easyEGO.cst.Rd:77-78: Lost braces 77 | \item \code{inneroptim}{: choice of the inner optimization algorithm: "\code{genoud}" or "\code{random}" | ^ checkRd: (-1) easyEGO.cst.Rd:79: Lost braces 79 | \item \code{maxit}{: maximum number of iterations of the inner loop. } | ^ checkRd: (-1) easyEGO.cst.Rd:80: Lost braces 80 | \item \code{seed}{: to fix the random variable generator} | ^ checkRd: (-1) easyEGO.cst.Rd:54: Lost braces in \itemize; \value handles \item{}{} directly checkRd: (-1) easyEGO.cst.Rd:55: Lost braces in \itemize; \value handles \item{}{} directly checkRd: (-1) easyEGO.cst.Rd:56-57: Lost braces in \itemize; \value handles \item{}{} directly checkRd: (-1) integration_design_cst.Rd:61: Lost braces in \itemize; \value handles \item{}{} directly checkRd: (-1) integration_design_cst.Rd:62-63: Lost braces in \itemize; \value handles \item{}{} directly Flavors: r-devel-linux-x86_64-debian-clang, r-devel-linux-x86_64-debian-gcc, r-devel-linux-x86_64-fedora-clang, r-devel-linux-x86_64-fedora-gcc

Version: 2.1.1
Check: package dependencies
Result: NOTE Packages suggested but not available for checking: 'KrigInv', 'GPareto' Flavor: r-release-macos-x86_64

Version: 2.1.1
Check: Rd cross-references
Result: NOTE Package unavailable to check Rd xrefs: ‘KrigInv’ Flavor: r-release-macos-x86_64