Last updated on 2024-08-16 00:48:19 CEST.
Flavor | Version | Tinstall | Tcheck | Ttotal | Status | Flags |
---|---|---|---|---|---|---|
r-devel-linux-x86_64-debian-clang | 0.1.1 | 10.37 | 106.36 | 116.73 | OK | |
r-devel-linux-x86_64-debian-gcc | 0.1.1 | 8.72 | 72.26 | 80.98 | OK | |
r-devel-linux-x86_64-fedora-clang | 0.1.1 | 180.27 | NOTE | |||
r-devel-linux-x86_64-fedora-gcc | 0.1.1 | 183.02 | NOTE | |||
r-devel-windows-x86_64 | 0.1.1 | 16.00 | 108.00 | 124.00 | OK | |
r-patched-linux-x86_64 | 0.1.1 | 11.68 | 93.32 | 105.00 | OK | |
r-release-linux-x86_64 | 0.1.1 | 13.32 | 93.90 | 107.22 | OK | |
r-release-macos-arm64 | 0.1.1 | 64.00 | OK | |||
r-release-macos-x86_64 | 0.1.1 | 95.00 | OK | |||
r-release-windows-x86_64 | 0.1.1 | 18.00 | 108.00 | 126.00 | OK | |
r-oldrel-macos-arm64 | 0.1.1 | 58.00 | OK | |||
r-oldrel-macos-x86_64 | 0.1.1 | 127.00 | OK | |||
r-oldrel-windows-x86_64 | 0.1.1 | 19.00 | 127.00 | 146.00 | OK |
Version: 0.1.1
Check: dependencies in R code
Result: NOTE
Namespace in Imports field not imported from: ‘base’
All declared Imports should be used.
Flavors: r-devel-linux-x86_64-fedora-clang, r-devel-linux-x86_64-fedora-gcc