CRAN Package Check Results for Package EMAS

Last updated on 2023-12-01 00:51:54 CET.

Flavor Version Tinstall Tcheck Ttotal Status Flags
r-devel-linux-x86_64-debian-clang 0.2.2 68.80 630.50 699.30 NOTE
r-devel-linux-x86_64-debian-gcc 0.2.2 49.46 458.34 507.80 NOTE
r-devel-linux-x86_64-fedora-clang 0.2.2 876.61 OK
r-devel-linux-x86_64-fedora-gcc 0.2.2 836.40 OK
r-devel-windows-x86_64 0.2.2 58.00 412.00 470.00 OK
r-patched-linux-x86_64 0.2.2 57.44 587.80 645.24 OK
r-release-linux-x86_64 0.2.2 51.21 590.16 641.37 OK
r-release-macos-arm64 0.2.2 9.00 ERROR
r-release-macos-x86_64 0.2.2 10.00 ERROR
r-release-windows-x86_64 0.2.2 77.00 536.00 613.00 OK
r-oldrel-macos-arm64 0.2.2 186.00 OK
r-oldrel-macos-x86_64 0.2.2 265.00 OK
r-oldrel-windows-x86_64 0.2.2 74.00 490.00 564.00 OK

Check Details

Version: 0.2.2
Check: Rd files
Result: NOTE checkRd: (-1) Emas.Rd:55: Lost braces in \itemize; \value handles \item{}{} directly checkRd: (-1) Emas.Rd:56: Lost braces in \itemize; \value handles \item{}{} directly checkRd: (-1) Emas.Rd:57: Lost braces in \itemize; \value handles \item{}{} directly checkRd: (-1) Emas.Rd:58: Lost braces in \itemize; \value handles \item{}{} directly checkRd: (-1) Emas.Rd:59: Lost braces in \itemize; \value handles \item{}{} directly checkRd: (-1) Emas.Rd:60: Lost braces in \itemize; \value handles \item{}{} directly checkRd: (-1) Emas.Rd:61: Lost braces in \itemize; \value handles \item{}{} directly checkRd: (-1) Emas.Rd:62: Lost braces in \itemize; \value handles \item{}{} directly checkRd: (-1) Emas.Rd:63: Lost braces in \itemize; \value handles \item{}{} directly checkRd: (-1) Emas.Rd:64: Lost braces in \itemize; \value handles \item{}{} directly Flavors: r-devel-linux-x86_64-debian-clang, r-devel-linux-x86_64-debian-gcc

Version: 0.2.2
Check: package dependencies
Result: ERROR Packages required but not available: 'minfi', 'IlluminaHumanMethylationEPICanno.ilm10b4.hg19', 'IlluminaHumanMethylation450kanno.ilmn12.hg19' See section ‘The DESCRIPTION file’ in the ‘Writing R Extensions’ manual. Flavors: r-release-macos-arm64, r-release-macos-x86_64