Last updated on 2023-12-03 12:48:23 CET.
Flavor | Version | Tinstall | Tcheck | Ttotal | Status | Flags |
---|---|---|---|---|---|---|
r-devel-linux-x86_64-debian-clang | 0.1.0 | 3.26 | 201.92 | 205.18 | OK | |
r-devel-linux-x86_64-debian-gcc | 0.1.0 | 2.25 | 137.68 | 139.93 | OK | |
r-devel-linux-x86_64-fedora-clang | 0.1.0 | 258.03 | OK | |||
r-devel-linux-x86_64-fedora-gcc | 0.1.0 | 273.16 | OK | |||
r-devel-windows-x86_64 | 0.1.0 | 4.00 | 461.00 | 465.00 | OK | |
r-patched-linux-x86_64 | 0.1.0 | 2.29 | 217.94 | 220.23 | OK | |
r-release-linux-x86_64 | 0.1.0 | 1.99 | 224.16 | 226.15 | OK | |
r-release-macos-arm64 | 0.1.0 | 65.00 | OK | |||
r-release-macos-x86_64 | 0.1.0 | 138.00 | OK | |||
r-release-windows-x86_64 | 0.1.0 | 5.00 | 393.00 | 398.00 | OK | |
r-oldrel-macos-arm64 | 0.1.0 | 64.00 | OK | |||
r-oldrel-macos-x86_64 | 0.1.0 | 12.00 | ERROR | |||
r-oldrel-windows-x86_64 | 0.1.0 | 5.00 | 392.00 | 397.00 | OK |
Version: 0.1.0
Check: package dependencies
Result: ERROR
Packages required and available but unsuitable versions: 'stats', 'utils'
See section ‘The DESCRIPTION file’ in the ‘Writing R Extensions’
manual.
Flavor: r-oldrel-macos-x86_64