Last updated on 2024-08-16 00:48:20 CEST.
Flavor | Version | Tinstall | Tcheck | Ttotal | Status | Flags |
---|---|---|---|---|---|---|
r-devel-linux-x86_64-debian-clang | 3.1.1 | 4.88 | 344.78 | 349.66 | OK | |
r-devel-linux-x86_64-debian-gcc | 3.1.1 | 3.14 | 264.27 | 267.41 | OK | |
r-devel-linux-x86_64-fedora-clang | 3.1.1 | 598.36 | NOTE | |||
r-devel-linux-x86_64-fedora-gcc | 3.1.1 | 440.42 | NOTE | |||
r-devel-windows-x86_64 | 3.1.1 | 6.00 | 310.00 | 316.00 | OK | |
r-patched-linux-x86_64 | 3.1.1 | 4.47 | 351.93 | 356.40 | OK | |
r-release-linux-x86_64 | 3.1.1 | 4.28 | 369.20 | 373.48 | OK | |
r-release-macos-arm64 | 3.1.1 | 242.00 | OK | |||
r-release-macos-x86_64 | 3.1.1 | 285.00 | OK | |||
r-release-windows-x86_64 | 3.1.1 | 6.00 | 372.00 | 378.00 | OK | |
r-oldrel-macos-arm64 | 3.1.1 | 253.00 | OK | |||
r-oldrel-macos-x86_64 | 3.1.1 | 317.00 | OK | |||
r-oldrel-windows-x86_64 | 3.1.1 | 8.00 | 540.00 | 548.00 | OK |
Version: 3.1.1
Check: dependencies in R code
Result: NOTE
Namespace in Imports field not imported from: ‘BiocStyle’
All declared Imports should be used.
Flavors: r-devel-linux-x86_64-fedora-clang, r-devel-linux-x86_64-fedora-gcc