CRAN Package Check Results for Package EffectStars2

Last updated on 2024-07-12 00:53:00 CEST.

Flavor Version Tinstall Tcheck Ttotal Status Flags
r-devel-linux-x86_64-debian-clang 0.1-3 4.05 41.01 45.06 OK
r-devel-linux-x86_64-debian-gcc 0.1-3 3.53 31.20 34.73 OK
r-devel-linux-x86_64-fedora-clang 0.1-3 56.95 NOTE
r-devel-linux-x86_64-fedora-gcc 0.1-3 53.91 OK
r-devel-windows-x86_64 0.1-3 5.00 52.00 57.00 OK
r-patched-linux-x86_64 0.1-3 4.28 38.96 43.24 OK
r-release-linux-x86_64 0.1-3 3.99 39.31 43.30 OK
r-release-macos-arm64 0.1-3 20.00 OK
r-release-macos-x86_64 0.1-3 30.00 OK
r-release-windows-x86_64 0.1-3 4.00 53.00 57.00 OK
r-oldrel-macos-arm64 0.1-3 21.00 OK
r-oldrel-macos-x86_64 0.1-3 36.00 NOTE
r-oldrel-windows-x86_64 0.1-3 4.00 59.00 63.00 OK

Check Details

Version: 0.1-3
Check: Rd cross-references
Result: NOTE Undeclared package ‘carData’ in Rd xrefs Flavor: r-devel-linux-x86_64-fedora-clang

Version: 0.1-3
Check: package dependencies
Result: NOTE Packages suggested but not available for checking: 'DIFboost', 'VGAMdata' Flavor: r-oldrel-macos-x86_64

Version: 0.1-3
Check: Rd cross-references
Result: NOTE Package unavailable to check Rd xrefs: ‘DIFboost’ Flavor: r-oldrel-macos-x86_64