Last updated on 2023-11-30 01:53:28 CET.
Flavor | Version | Tinstall | Tcheck | Ttotal | Status | Flags |
---|---|---|---|---|---|---|
r-devel-linux-x86_64-debian-clang | 1.4.0 | 916.81 | 283.44 | 1200.25 | NOTE | |
r-devel-linux-x86_64-debian-gcc | 1.4.0 | 770.97 | 247.67 | 1018.64 | NOTE | |
r-devel-linux-x86_64-fedora-clang | 1.4.0 | 1509.26 | NOTE | |||
r-devel-linux-x86_64-fedora-gcc | 1.4.0 | 1937.28 | NOTE | |||
r-devel-windows-x86_64 | 1.4.0 | 672.00 | 287.00 | 959.00 | NOTE | |
r-patched-linux-x86_64 | 1.4.0 | 731.00 | 318.50 | 1049.50 | NOTE | |
r-release-linux-x86_64 | 1.4.0 | 0.01 | 3.07 | 3.08 | ERROR | |
r-release-macos-arm64 | 1.4.0 | 489.00 | NOTE | |||
r-release-macos-x86_64 | 1.4.0 | 853.00 | NOTE | |||
r-release-windows-x86_64 | 1.4.0 | 914.00 | 368.00 | 1282.00 | NOTE | |
r-oldrel-macos-arm64 | 1.4.0 | 402.00 | NOTE | |||
r-oldrel-macos-x86_64 | 1.4.0 | 696.00 | NOTE | |||
r-oldrel-windows-x86_64 | 1.4.0 | 852.00 | 335.00 | 1187.00 | NOTE |
Version: 1.4.0
Check: for GNU extensions in Makefiles
Result: NOTE
GNU make is a SystemRequirements.
Flavors: r-devel-linux-x86_64-debian-clang, r-devel-linux-x86_64-debian-gcc, r-devel-linux-x86_64-fedora-clang, r-devel-linux-x86_64-fedora-gcc, r-devel-windows-x86_64, r-patched-linux-x86_64, r-release-macos-arm64, r-release-macos-x86_64, r-release-windows-x86_64, r-oldrel-macos-arm64, r-oldrel-macos-x86_64, r-oldrel-windows-x86_64
Version: 1.4.0
Check: installed package size
Result: NOTE
installed size is 11.2Mb
sub-directories of 1Mb or more:
help 2.1Mb
libs 8.0Mb
Flavors: r-devel-linux-x86_64-fedora-clang, r-devel-windows-x86_64, r-release-macos-arm64, r-release-macos-x86_64, r-release-windows-x86_64, r-oldrel-macos-arm64, r-oldrel-macos-x86_64, r-oldrel-windows-x86_64
Version: 1.4.0
Check: whether package can be installed
Result: ERROR
Installation failed.
Flavor: r-release-linux-x86_64