Last updated on 2024-05-06 00:52:41 CEST.
Flavor | Version | Tinstall | Tcheck | Ttotal | Status | Flags |
---|---|---|---|---|---|---|
r-devel-linux-x86_64-debian-clang | 0.1.0 | 8.57 | 112.11 | 120.68 | NOTE | |
r-devel-linux-x86_64-debian-gcc | 0.1.0 | 5.77 | 75.84 | 81.61 | NOTE | |
r-devel-linux-x86_64-fedora-clang | 0.1.0 | 136.22 | NOTE | |||
r-devel-linux-x86_64-fedora-gcc | 0.1.0 | 133.78 | NOTE | |||
r-devel-windows-x86_64 | 0.1.0 | 7.00 | 88.00 | 95.00 | NOTE | |
r-patched-linux-x86_64 | 0.1.0 | 6.62 | 104.43 | 111.05 | NOTE | |
r-release-linux-x86_64 | 0.1.0 | 8.11 | 98.68 | 106.79 | NOTE | |
r-release-macos-arm64 | 0.1.0 | 37.00 | NOTE | |||
r-release-windows-x86_64 | 0.1.0 | 7.00 | 86.00 | 93.00 | NOTE | |
r-oldrel-macos-arm64 | 0.1.0 | 43.00 | NOTE | |||
r-oldrel-macos-x86_64 | 0.1.0 | 73.00 | NOTE | |||
r-oldrel-windows-x86_64 | 0.1.0 | 9.00 | 107.00 | 116.00 | NOTE |
Version: 0.1.0
Check: LazyData
Result: NOTE
'LazyData' is specified without a 'data' directory
Flavors: r-devel-linux-x86_64-debian-clang, r-devel-linux-x86_64-debian-gcc, r-devel-linux-x86_64-fedora-clang, r-devel-linux-x86_64-fedora-gcc, r-devel-windows-x86_64, r-patched-linux-x86_64, r-release-linux-x86_64, r-release-macos-arm64, r-release-windows-x86_64, r-oldrel-macos-arm64, r-oldrel-macos-x86_64, r-oldrel-windows-x86_64