CRAN Package Check Results for Package ExpDes.pt

Last updated on 2024-04-15 01:50:25 CEST.

Flavor Version Tinstall Tcheck Ttotal Status Flags
r-devel-linux-x86_64-debian-clang 1.2.2 25.53 126.31 151.84 NOTE
r-devel-linux-x86_64-debian-gcc 1.2.2 20.78 87.47 108.25 NOTE
r-devel-linux-x86_64-fedora-clang 1.2.2 180.45 NOTE
r-devel-linux-x86_64-fedora-gcc 1.2.2 174.27 NOTE
r-devel-windows-x86_64 1.2.2 18.00 96.00 114.00 NOTE
r-patched-linux-x86_64 1.2.2 24.94 120.40 145.34 NOTE
r-release-linux-x86_64 1.2.2 25.34 121.38 146.72 NOTE
r-release-macos-arm64 1.2.2 47.00 NOTE
r-release-macos-x86_64 1.2.2 80.00 NOTE
r-release-windows-x86_64 1.2.2 22.00 124.00 146.00 NOTE
r-oldrel-macos-arm64 1.2.2 41.00 OK
r-oldrel-windows-x86_64 1.2.2 31.00 130.00 161.00 OK

Check Details

Version: 1.2.2
Check: Rd files
Result: NOTE checkRd: (-1) ccF.Rd:5: Escaped LaTeX specials: \& checkRd: (-1) ccF.Rd:32: Escaped LaTeX specials: \& checkRd: (-1) ccF.Rd:29: Escaped LaTeX specials: \& checkRd: (-1) ccF.Rd:42: Lost braces 42 | CALI\'{N}SKI, T.; CORSTEN, L. C. A. Clustering | ^ Flavors: r-devel-linux-x86_64-debian-clang, r-devel-linux-x86_64-debian-gcc, r-devel-linux-x86_64-fedora-clang, r-devel-linux-x86_64-fedora-gcc, r-devel-windows-x86_64, r-patched-linux-x86_64

Version: 1.2.2
Check: Rd files
Result: NOTE checkRd: (-1) ccF.Rd:5: Escaped LaTeX specials: \& checkRd: (-1) ccF.Rd:32: Escaped LaTeX specials: \& checkRd: (-1) ccF.Rd:29: Escaped LaTeX specials: \& Flavors: r-release-linux-x86_64, r-release-macos-arm64, r-release-macos-x86_64, r-release-windows-x86_64