Last updated on 2024-08-16 00:48:20 CEST.
Flavor | Version | Tinstall | Tcheck | Ttotal | Status | Flags |
---|---|---|---|---|---|---|
r-devel-linux-x86_64-debian-clang | 0.3.1 | 3.55 | 74.70 | 78.25 | OK | |
r-devel-linux-x86_64-debian-gcc | 0.3.1 | 2.71 | 37.67 | 40.38 | OK | |
r-devel-linux-x86_64-fedora-clang | 0.3.1 | 122.36 | NOTE | |||
r-devel-linux-x86_64-fedora-gcc | 0.3.1 | 102.59 | NOTE | |||
r-devel-windows-x86_64 | 0.3.1 | 6.00 | 71.00 | 77.00 | OK | |
r-patched-linux-x86_64 | 0.3.1 | 3.72 | 53.03 | 56.75 | OK | |
r-release-linux-x86_64 | 0.3.1 | 3.25 | 53.50 | 56.75 | OK | |
r-release-macos-arm64 | 0.3.1 | 37.00 | OK | |||
r-release-macos-x86_64 | 0.3.1 | 63.00 | OK | |||
r-release-windows-x86_64 | 0.3.1 | 6.00 | 72.00 | 78.00 | OK | |
r-oldrel-macos-arm64 | 0.3.1 | 37.00 | OK | |||
r-oldrel-macos-x86_64 | 0.3.1 | 63.00 | OK | |||
r-oldrel-windows-x86_64 | 0.3.1 | 8.00 | 86.00 | 94.00 | OK |
Version: 0.3.1
Check: dependencies in R code
Result: NOTE
Namespace in Imports field not imported from: ‘mathjaxr’
All declared Imports should be used.
Flavors: r-devel-linux-x86_64-fedora-clang, r-devel-linux-x86_64-fedora-gcc