Last updated on 2024-05-06 00:52:42 CEST.
Flavor | Version | Tinstall | Tcheck | Ttotal | Status | Flags |
---|---|---|---|---|---|---|
r-devel-linux-x86_64-debian-clang | 1.1.1 | 10.80 | 120.58 | 131.38 | NOTE | |
r-devel-linux-x86_64-debian-gcc | 1.1.1 | 10.45 | 88.11 | 98.56 | NOTE | |
r-devel-linux-x86_64-fedora-clang | 1.1.1 | 174.20 | NOTE | |||
r-devel-linux-x86_64-fedora-gcc | 1.1.1 | 165.67 | NOTE | |||
r-devel-windows-x86_64 | 1.1.1 | 12.00 | 103.00 | 115.00 | NOTE | |
r-patched-linux-x86_64 | 1.1.1 | 12.38 | 114.65 | 127.03 | NOTE | |
r-release-linux-x86_64 | 1.1.1 | 13.18 | 115.60 | 128.78 | NOTE | |
r-release-macos-arm64 | 1.1.1 | 42.00 | NOTE | |||
r-release-macos-x86_64 | 1.1.1 | 90.00 | OK | |||
r-release-windows-x86_64 | 1.1.1 | 12.00 | 103.00 | 115.00 | NOTE | |
r-oldrel-macos-arm64 | 1.1.1 | 51.00 | OK | |||
r-oldrel-macos-x86_64 | 1.1.1 | 74.00 | OK | |||
r-oldrel-windows-x86_64 | 1.1.1 | 16.00 | 123.00 | 139.00 | OK |
Version: 1.1.1
Check: Rd files
Result: NOTE
checkRd: (-1) autoFMradio.Rd:46: Lost braces; missing escapes or markup?
46 | Step 1 (regularized correlation matrix estimation) is performed using the \code{X}, \code{t}, and {fold} arguments.
| ^
Flavors: r-devel-linux-x86_64-debian-clang, r-devel-linux-x86_64-debian-gcc, r-devel-linux-x86_64-fedora-clang, r-devel-linux-x86_64-fedora-gcc, r-devel-windows-x86_64, r-patched-linux-x86_64, r-release-linux-x86_64, r-release-macos-arm64, r-release-windows-x86_64